{"id":15042,"date":"2014-05-21T11:16:46","date_gmt":"2014-05-21T14:16:46","guid":{"rendered":"http:\/\/demo.qodeinteractive.com\/bridge12\/?page_id=15042"},"modified":"2022-12-29T13:15:41","modified_gmt":"2022-12-29T16:15:41","slug":"sedes","status":"publish","type":"page","link":"https:\/\/faya.unse.edu.ar\/index.php\/sedes\/","title":{"rendered":"Sedes"},"content":{"rendered":"<p>[vc_row css_animation=&#8221;&#8221; row_type=&#8221;row&#8221; use_row_as_full_screen_section=&#8221;no&#8221; type=&#8221;grid&#8221; angled_section=&#8221;no&#8221; text_align=&#8221;left&#8221; background_image_as_pattern=&#8221;without_pattern&#8221; z_index=&#8221;&#8221;][vc_column][vc_separator type=&#8221;transparent&#8221; up=&#8221;60&#8243;][vc_column_text css=&#8221;.vc_custom_1537058112430{margin-right: 30px !important;margin-left: 30px !important;}&#8221;]<\/p>\n<h5>Las oficinas, aulas y laboratorios de la Facultad de Agronom\u00eda y Agroindustrias se encuentran ubicados en diferentes \u00e1reas pertenecientes a la Universidad Nacional de Santiago del Estero.<\/h5>\n<p>[\/vc_column_text][vc_separator type=&#8221;transparent&#8221; down=&#8221;60&#8243;][\/vc_column][\/vc_row][vc_row css_animation=&#8221;&#8221; row_type=&#8221;row&#8221; use_row_as_full_screen_section=&#8221;no&#8221; type=&#8221;grid&#8221; anchor=&#8221;portfolio&#8221; angled_section=&#8221;no&#8221; text_align=&#8221;left&#8221; background_image_as_pattern=&#8221;without_pattern&#8221; background_color=&#8221;#f8f8f8&#8243; padding_top=&#8221;90&#8243; padding_bottom=&#8221;90&#8243;][vc_column width=&#8221;1\/2&#8243;][vc_single_image image=&#8221;17281&#8243; img_size=&#8221;full&#8221; alignment=&#8221;center&#8221; qode_css_animation=&#8221;element_from_left&#8221; transition_delay=&#8221;0.2&#8243;][\/vc_column][vc_column width=&#8221;1\/2&#8243;][vc_column_text]<\/p>\n<h2>Sede central<\/h2>\n<p class=\"Estilo4\">Ubicada en la ciudad Capital, en los terrenos comprendidos entre la Avenida Belgrano (Sud) y Sargento Cabral, puede accederse a ella mediante las principales l\u00edneas de transporte urbano.<\/p>\n<p class=\"Estilo4\">Entre los edificios m\u00e1s importantes de la FAyA caben destacar las oficinas de Decanato y Departamento Alumnos (en el pabell\u00f3n de Rectorado), aulas de la Facultad en el primer piso del Pabell\u00f3n FAyA y en edificio CEDIA (sobre calle Sgto. Cabral), los laboratorios de Ciencias B\u00e1sicas y de Inform\u00e1tica y el box correspondiente al Centro de Estudiantes.<\/p>\n<p class=\"Estilo4\">En esta sede se desarrollan actividades acad\u00e9micas, administrativas y de investigaci\u00f3n.<\/p>\n<p class=\"Estilo4\">En la Sede Central de la UNSE se encuentran tambi\u00e9n los edificios correspondientes a la Biblioteca Central, Paraninfo, Cantina, Guarder\u00eda y Jard\u00edn de Infantes.<\/p>\n<p>[\/vc_column_text][vc_separator type=&#8221;transparent&#8221; up=&#8221;5&#8243; down=&#8221;16&#8243;]<a  itemprop=\"url\" href=\"http:\/\/faa.unse.edu.ar\/pdf\/planos\/PlanoSantiagohoteles.pdf\" target=\"_self\"  class=\"qbutton  small center default\" style=\"\">Ver Plano de Santiago del Estero y hoteles<\/a>[vc_separator type=&#8221;transparent&#8221; up=&#8221;5&#8243; down=&#8221;16&#8243;]<a  itemprop=\"url\" href=\"https:\/\/faya.unse.edu.ar\/wp-content\/uploads\/CROQUIS_Sede-Central-1.png\" target=\"_self\"  class=\"qbutton  small center default\" style=\"\">Ver plano de la Sede Central<\/a>[\/vc_column][\/vc_row][vc_row css_animation=&#8221;&#8221; row_type=&#8221;row&#8221; use_row_as_full_screen_section=&#8221;no&#8221; type=&#8221;grid&#8221; anchor=&#8221;portfolio&#8221; angled_section=&#8221;no&#8221; text_align=&#8221;left&#8221; background_image_as_pattern=&#8221;without_pattern&#8221; background_color=&#8221;#f1f1f1&#8243; padding_top=&#8221;90&#8243; padding_bottom=&#8221;0&#8243;][vc_column width=&#8221;1\/2&#8243;][vc_column_text]<\/p>\n<h2>Sede El Zanj\u00f3n<\/h2>\n<p class=\"Estilo4\">Sobre la Ruta Nacional 9, Km 1134, en la Villa El Zanj\u00f3n (CP 4206), distante a unos 10 km de la capital se encuentran los edificios correspondientes a la Escuela de Agricultura, Ganader\u00eda y Granja (nivel de pregrado); el Pabellon Central donde se encuentran las aulas y laboratorios correspondientes a la carrera Ingenier\u00eda en Alimentos; Laboratorios de Qu\u00edmica, donde se realizan actividades de investigaci\u00f3n y docencia de la Licenciatura en Qu\u00edmica; una Biblioteca, que cuenta con bibliograf\u00eda espec\u00edfica de las carreras y una sala de audiovisual.<\/p>\n<p>[\/vc_column_text][vc_separator type=&#8221;transparent&#8221; up=&#8221;5&#8243; down=&#8221;16&#8243;]<a  itemprop=\"url\" href=\"http:\/\/faa.unse.edu.ar\/pdf\/planos\/ComollegarFAyAZanjon.pdf\" target=\"_self\"  class=\"qbutton  small center default\" style=\"\">Como llegar<\/a>[vc_separator type=&#8221;transparent&#8221; up=&#8221;5&#8243; down=&#8221;16&#8243;]<a  itemprop=\"url\" href=\"https:\/\/faya.unse.edu.ar\/wp-content\/uploads\/CROQUIS-Sede-Zanjon-1.png\" target=\"_self\"  class=\"qbutton  small center default\" style=\"\">Plano de Sede El Zanj\u00f3n<\/a>[vc_separator type=&#8221;transparent&#8221; up=&#8221;5&#8243; down=&#8221;16&#8243;]<a  itemprop=\"url\" href=\"http:\/\/faa.unse.edu.ar\/pdf\/planos\/FAYAZANJON.pdf\" target=\"_self\"  class=\"qbutton  small center default\" style=\"\">Plano de sede, Pabell\u00f3n central<\/a>[vc_separator type=&#8221;transparent&#8221; up=&#8221;5&#8243; down=&#8221;16&#8243;]<a  itemprop=\"url\" href=\"http:\/\/faa.unse.edu.ar\/pdf\/planos\/LaboratoriosPramin.pdf\" target=\"_self\"  class=\"qbutton  small center default\" style=\"\">Plano de sede, Laboratorios<\/a>[vc_separator type=&#8221;transparent&#8221; up=&#8221;89&#8243; down=&#8221;0&#8243;][\/vc_column][vc_column width=&#8221;1\/2&#8243;][vc_single_image image=&#8221;17282&#8243; img_size=&#8221;full&#8221; alignment=&#8221;center&#8221; qode_css_animation=&#8221;element_from_right&#8221; transition_delay=&#8221;0.4&#8243;][vc_separator type=&#8221;transparent&#8221; up=&#8221;89&#8243; down=&#8221;0&#8243;][\/vc_column][\/vc_row][vc_row css_animation=&#8221;&#8221; row_type=&#8221;row&#8221; use_row_as_full_screen_section=&#8221;no&#8221; type=&#8221;grid&#8221; anchor=&#8221;portfolio&#8221; angled_section=&#8221;no&#8221; text_align=&#8221;left&#8221; background_image_as_pattern=&#8221;without_pattern&#8221; background_color=&#8221;#f8f8f8&#8243; padding_top=&#8221;90&#8243; padding_bottom=&#8221;90&#8243;][vc_column width=&#8221;1\/2&#8243;][vc_single_image image=&#8221;17283&#8243; img_size=&#8221;full&#8221; alignment=&#8221;center&#8221; qode_css_animation=&#8221;element_from_left&#8221; transition_delay=&#8221;0.2&#8243;][\/vc_column][vc_column width=&#8221;1\/2&#8243;][vc_column_text]<\/p>\n<h2>Sede Parque Industrial<\/h2>\n<p>Esta sede se encuentra a 7 km de la ciudad Capital, accesible a trav\u00e9s de la autopista J. D. Per\u00f3n o por el Puente Viejo.<\/p>\n<p>En esta sede se encuentra la Planta Piloto de Procesamiento de Alimentos, lugar de actividades acad\u00e9micas y de investigaci\u00f3n relacionados con la carrera de Ingenier\u00eda en Alimentos.[\/vc_column_text][vc_separator type=&#8221;transparent&#8221; up=&#8221;5&#8243; down=&#8221;16&#8243;]<a  itemprop=\"url\" href=\"https:\/\/faya.unse.edu.ar\/wp-content\/uploads\/CROQUIS-Sede-Planta-Piloto-1.png\" target=\"_self\"  class=\"qbutton  small center default\" style=\"\">Plano de sede Planta piloto<\/a>[vc_separator type=&#8221;transparent&#8221; up=&#8221;89&#8243; down=&#8221;0&#8243;][\/vc_column][\/vc_row]<\/p>\n","protected":false},"excerpt":{"rendered":"<p>[vc_row css_animation=&#8221;&#8221; row_type=&#8221;row&#8221; use_row_as_full_screen_section=&#8221;no&#8221; type=&#8221;grid&#8221; angled_section=&#8221;no&#8221; text_align=&#8221;left&#8221; background_image_as_pattern=&#8221;without_pattern&#8221; z_index=&#8221;&#8221;][vc_column][vc_separator type=&#8221;transparent&#8221; up=&#8221;60&#8243;][vc_column_text css=&#8221;.vc_custom_1537058112430{margin-right: 30px !important;margin-left: 30px !important;}&#8221;] Las oficinas, aulas y laboratorios de la Facultad de Agronom\u00eda y Agroindustrias se encuentran ubicados en diferentes \u00e1reas pertenecientes a la Universidad Nacional de Santiago del Estero. [\/vc_column_text][vc_separator type=&#8221;transparent&#8221;&#8230;<\/p>\n","protected":false},"author":1,"featured_media":0,"parent":0,"menu_order":0,"comment_status":"open","ping_status":"closed","template":"full_width.php","meta":{"_mi_skip_tracking":false},"yoast_head":"<!-- This site is optimized with the Yoast SEO plugin v17.7.1 - https:\/\/yoast.com\/wordpress\/plugins\/seo\/ -->\n<meta name=\"robots\" content=\"index, follow, max-snippet:-1, max-image-preview:large, max-video-preview:-1\" \/>\n<link rel=\"canonical\" href=\"https:\/\/faya.unse.edu.ar\/index.php\/sedes\/\" \/>\n<meta property=\"og:locale\" content=\"es_ES\" \/>\n<meta property=\"og:type\" content=\"article\" \/>\n<meta property=\"og:title\" content=\"Sedes | Facultad de Agronom\u00eda y Agroindustrias UNSE | FAyA UNSE\" \/>\n<meta property=\"og:description\" content=\"[vc_row css_animation=&#8221;&#8221; row_type=&#8221;row&#8221; use_row_as_full_screen_section=&#8221;no&#8221; type=&#8221;grid&#8221; angled_section=&#8221;no&#8221; text_align=&#8221;left&#8221; background_image_as_pattern=&#8221;without_pattern&#8221; z_index=&#8221;&#8221;][vc_column][vc_separator type=&#8221;transparent&#8221; up=&#8221;60&#8243;][vc_column_text css=&#8221;.vc_custom_1537058112430{margin-right: 30px !important;margin-left: 30px !important;}&#8221;] Las oficinas, aulas y laboratorios de la Facultad de Agronom\u00eda y Agroindustrias se encuentran ubicados en diferentes \u00e1reas pertenecientes a la Universidad Nacional de Santiago del Estero. [\/vc_column_text][vc_separator type=&#8221;transparent&#8221;...\" \/>\n<meta property=\"og:url\" content=\"https:\/\/faya.unse.edu.ar\/index.php\/sedes\/\" \/>\n<meta property=\"og:site_name\" content=\"Facultad de Agronom\u00eda y Agroindustrias UNSE | FAyA UNSE\" \/>\n<meta property=\"article:publisher\" content=\"https:\/\/www.facebook.com\/agroUNSE\/\" \/>\n<meta property=\"article:modified_time\" content=\"2022-12-29T16:15:41+00:00\" \/>\n<meta name=\"twitter:card\" content=\"summary_large_image\" \/>\n<meta name=\"twitter:site\" content=\"@fayaunse\" \/>\n<meta name=\"twitter:label1\" content=\"Tiempo de lectura\" \/>\n\t<meta name=\"twitter:data1\" content=\"3 minutos\" \/>\n<script type=\"application\/ld+json\" class=\"yoast-schema-graph\">{\"@context\":\"https:\/\/schema.org\",\"@graph\":[{\"@type\":\"WebSite\",\"@id\":\"https:\/\/faya.unse.edu.ar\/#website\",\"url\":\"https:\/\/faya.unse.edu.ar\/\",\"name\":\"Facultad de Agronom\\u00eda y Agroindustrias UNSE | FAyA UNSE\",\"description\":\"\",\"potentialAction\":[{\"@type\":\"SearchAction\",\"target\":{\"@type\":\"EntryPoint\",\"urlTemplate\":\"https:\/\/faya.unse.edu.ar\/?s={search_term_string}\"},\"query-input\":\"required name=search_term_string\"}],\"inLanguage\":\"es-AR\"},{\"@type\":\"WebPage\",\"@id\":\"https:\/\/faya.unse.edu.ar\/index.php\/sedes\/#webpage\",\"url\":\"https:\/\/faya.unse.edu.ar\/index.php\/sedes\/\",\"name\":\"Sedes | Facultad de Agronom\\u00eda y Agroindustrias UNSE | FAyA UNSE\",\"isPartOf\":{\"@id\":\"https:\/\/faya.unse.edu.ar\/#website\"},\"datePublished\":\"2014-05-21T14:16:46+00:00\",\"dateModified\":\"2022-12-29T16:15:41+00:00\",\"breadcrumb\":{\"@id\":\"https:\/\/faya.unse.edu.ar\/index.php\/sedes\/#breadcrumb\"},\"inLanguage\":\"es-AR\",\"potentialAction\":[{\"@type\":\"ReadAction\",\"target\":[\"https:\/\/faya.unse.edu.ar\/index.php\/sedes\/\"]}]},{\"@type\":\"BreadcrumbList\",\"@id\":\"https:\/\/faya.unse.edu.ar\/index.php\/sedes\/#breadcrumb\",\"itemListElement\":[{\"@type\":\"ListItem\",\"position\":1,\"name\":\"Home\",\"item\":\"https:\/\/faya.unse.edu.ar\/\"},{\"@type\":\"ListItem\",\"position\":2,\"name\":\"Sedes\"}]}]}<\/script>\n<!-- \/ Yoast SEO plugin. -->","yoast_head_json":{"robots":{"index":"index","follow":"follow","max-snippet":"max-snippet:-1","max-image-preview":"max-image-preview:large","max-video-preview":"max-video-preview:-1"},"canonical":"https:\/\/faya.unse.edu.ar\/index.php\/sedes\/","og_locale":"es_ES","og_type":"article","og_title":"Sedes | Facultad de Agronom\u00eda y Agroindustrias UNSE | FAyA UNSE","og_description":"[vc_row css_animation=&#8221;&#8221; row_type=&#8221;row&#8221; use_row_as_full_screen_section=&#8221;no&#8221; type=&#8221;grid&#8221; angled_section=&#8221;no&#8221; text_align=&#8221;left&#8221; background_image_as_pattern=&#8221;without_pattern&#8221; z_index=&#8221;&#8221;][vc_column][vc_separator type=&#8221;transparent&#8221; up=&#8221;60&#8243;][vc_column_text css=&#8221;.vc_custom_1537058112430{margin-right: 30px !important;margin-left: 30px !important;}&#8221;] Las oficinas, aulas y laboratorios de la Facultad de Agronom\u00eda y Agroindustrias se encuentran ubicados en diferentes \u00e1reas pertenecientes a la Universidad Nacional de Santiago del Estero. [\/vc_column_text][vc_separator type=&#8221;transparent&#8221;...","og_url":"https:\/\/faya.unse.edu.ar\/index.php\/sedes\/","og_site_name":"Facultad de Agronom\u00eda y Agroindustrias UNSE | FAyA UNSE","article_publisher":"https:\/\/www.facebook.com\/agroUNSE\/","article_modified_time":"2022-12-29T16:15:41+00:00","twitter_card":"summary_large_image","twitter_site":"@fayaunse","twitter_misc":{"Tiempo de lectura":"3 minutos"},"schema":{"@context":"https:\/\/schema.org","@graph":[{"@type":"WebSite","@id":"https:\/\/faya.unse.edu.ar\/#website","url":"https:\/\/faya.unse.edu.ar\/","name":"Facultad de Agronom\u00eda y Agroindustrias UNSE | FAyA UNSE","description":"","potentialAction":[{"@type":"SearchAction","target":{"@type":"EntryPoint","urlTemplate":"https:\/\/faya.unse.edu.ar\/?s={search_term_string}"},"query-input":"required name=search_term_string"}],"inLanguage":"es-AR"},{"@type":"WebPage","@id":"https:\/\/faya.unse.edu.ar\/index.php\/sedes\/#webpage","url":"https:\/\/faya.unse.edu.ar\/index.php\/sedes\/","name":"Sedes | Facultad de Agronom\u00eda y Agroindustrias UNSE | FAyA UNSE","isPartOf":{"@id":"https:\/\/faya.unse.edu.ar\/#website"},"datePublished":"2014-05-21T14:16:46+00:00","dateModified":"2022-12-29T16:15:41+00:00","breadcrumb":{"@id":"https:\/\/faya.unse.edu.ar\/index.php\/sedes\/#breadcrumb"},"inLanguage":"es-AR","potentialAction":[{"@type":"ReadAction","target":["https:\/\/faya.unse.edu.ar\/index.php\/sedes\/"]}]},{"@type":"BreadcrumbList","@id":"https:\/\/faya.unse.edu.ar\/index.php\/sedes\/#breadcrumb","itemListElement":[{"@type":"ListItem","position":1,"name":"Home","item":"https:\/\/faya.unse.edu.ar\/"},{"@type":"ListItem","position":2,"name":"Sedes"}]}]}},"_links":{"self":[{"href":"https:\/\/faya.unse.edu.ar\/index.php\/wp-json\/wp\/v2\/pages\/15042"}],"collection":[{"href":"https:\/\/faya.unse.edu.ar\/index.php\/wp-json\/wp\/v2\/pages"}],"about":[{"href":"https:\/\/faya.unse.edu.ar\/index.php\/wp-json\/wp\/v2\/types\/page"}],"author":[{"embeddable":true,"href":"https:\/\/faya.unse.edu.ar\/index.php\/wp-json\/wp\/v2\/users\/1"}],"replies":[{"embeddable":true,"href":"https:\/\/faya.unse.edu.ar\/index.php\/wp-json\/wp\/v2\/comments?post=15042"}],"version-history":[{"count":27,"href":"https:\/\/faya.unse.edu.ar\/index.php\/wp-json\/wp\/v2\/pages\/15042\/revisions"}],"predecessor-version":[{"id":30588,"href":"https:\/\/faya.unse.edu.ar\/index.php\/wp-json\/wp\/v2\/pages\/15042\/revisions\/30588"}],"wp:attachment":[{"href":"https:\/\/faya.unse.edu.ar\/index.php\/wp-json\/wp\/v2\/media?parent=15042"}],"curies":[{"name":"wp","href":"https:\/\/api.w.org\/{rel}","templated":true}]}}