{"id":16921,"date":"2018-12-20T00:00:22","date_gmt":"2018-12-20T03:00:22","guid":{"rendered":"http:\/\/faya.unse.edu.ar\/?page_id=16921"},"modified":"2026-02-26T13:58:27","modified_gmt":"2026-02-26T16:58:27","slug":"pasantias-3","status":"publish","type":"page","link":"https:\/\/faya.unse.edu.ar\/index.php\/pasantias-3\/","title":{"rendered":"Pasant\u00edas"},"content":{"rendered":"<p>[vc_row css_animation=&#8221;&#8221; row_type=&#8221;row&#8221; use_row_as_full_screen_section=&#8221;no&#8221; type=&#8221;full_width&#8221; angled_section=&#8221;no&#8221; text_align=&#8221;left&#8221; background_image_as_pattern=&#8221;without_pattern&#8221;][vc_column][vc_column_text]<\/p>\n<h2 style=\"text-align: center;\">Preguntas frecuentes<\/h2>\n<p>[\/vc_column_text]<div class=\"qode-accordion-holder clearfix qode-accordion qode-initial \">\n\t<h4 class=\"clearfix qode-title-holder\">\n<span class=\"qode-tab-title\">\n\t    <span class=\"qode-tab-title-inner\">\n        \u00bfQu\u00e9 son las Pasant\u00edas?    <\/span>\n<\/span>\n<span class=\"qode-accordion-mark\">\n    <span class=\"qode-accordion-mark-icon\">\n        <span class=\"icon_plus\"><\/span>\n        <span class=\"icon_minus-06\"><\/span>\n    <\/span>\n<\/span>\n<\/h4>\n<div class=\"qode-accordion-content \" >\n    <div class=\"qode-accordion-content-inner\">\n        [vc_column_text]Una pasant\u00eda es una metodolog\u00eda de ense\u00f1anza &#8211; aprendizaje que utiliza como medio la ejecuci\u00f3n de actividades programadas con un fin determinado en un \u00e1mbito f\u00edsico que no es el de la Universidad y cuya responsabilidad principal recae sobre una persona f\u00edsica que puede o no integrar el plantel docente de la misma.El objetivo es que los alumnos de las diversas carreras tengan la oportunidad de desarrollar su actitud profesional y habilidades operativas en actividades y tareas que les sean propias al tiempo que participan de procesos que resuman e integren conocimientos adquiridos y -como consecuencia de ello- adquieran y desarrollen capacidades en tal sentido.[\/vc_column_text]    <\/div>\n<\/div><h4 class=\"clearfix qode-title-holder\">\n<span class=\"qode-tab-title\">\n\t    <span class=\"qode-tab-title-inner\">\n        \u00bfPorqu\u00e9 participar?    <\/span>\n<\/span>\n<span class=\"qode-accordion-mark\">\n    <span class=\"qode-accordion-mark-icon\">\n        <span class=\"icon_plus\"><\/span>\n        <span class=\"icon_minus-06\"><\/span>\n    <\/span>\n<\/span>\n<\/h4>\n<div class=\"qode-accordion-content \" >\n    <div class=\"qode-accordion-content-inner\">\n        [vc_column_text]Hoy la experiencia laboral es un requisito y, al momento de finalizar sus estudios, los alumnos necesitan insertarse en el medio contando con una alguna experiencia que, adem\u00e1s de avalar sus conocimientos te\u00f3ricos y acad\u00e9micos, le permita de alguna manera estar familiarizado con las estrategias y modalidades de trabajo conociendo sus necesidades reales. Una pasant\u00eda te brindar\u00e1 experiencia y conocimiento.[\/vc_column_text]    <\/div>\n<\/div><h4 class=\"clearfix qode-title-holder\">\n<span class=\"qode-tab-title\">\n\t    <span class=\"qode-tab-title-inner\">\n        \u00bfC\u00f3mo saber si una pasant\u00eda es la adecuada para m\u00ed?    <\/span>\n<\/span>\n<span class=\"qode-accordion-mark\">\n    <span class=\"qode-accordion-mark-icon\">\n        <span class=\"icon_plus\"><\/span>\n        <span class=\"icon_minus-06\"><\/span>\n    <\/span>\n<\/span>\n<\/h4>\n<div class=\"qode-accordion-content \" >\n    <div class=\"qode-accordion-content-inner\">\n        [vc_column_text]Cada alumno de la Universidad es preparado para cubrir un perfil espec\u00edfico dentro del mercado laboral, y el objetivo de la pasant\u00eda es que el alumno descubra o comience a conocer cu\u00e1l es el \u00e1rea de su preparaci\u00f3n que m\u00e1s le interesa; se sienta c\u00f3modo, y pueda desempe\u00f1ar con mayor eficacia, en definitiva, facilitar la etapa de transici\u00f3n entre lo educacional y lo laboral, contribuyendo a una correcta elecci\u00f3n del \u00e1rea de trabajo.<\/p>\n<p>Existen dos tipos de pasant\u00edas que clasificamos de la siguiente manera: Espec\u00edficas y Generales. Las Pasant\u00edas llamadas Espec\u00edficas, est\u00e1n dirigidas a los Alumnos que se encuentran cursando los \u00faltimos a\u00f1os de la carrera y por ende sus conocimientos son m\u00e1s avanzados y espec\u00edficos, permit\u00e9ndoles as\u00ed desarrollar tareas m\u00e1s afines a su perfil de futuro profesional. Las Pasant\u00edas denominadas Generales, son aquellas en que las Empresas necesitan alumnos para desempe\u00f1ar tareas que cualquier Alumno de cualquier carrera o especialidad puede realizar; por ejemplo tareas de tipo administrativas b\u00e1sicas o de atenci\u00f3n al cliente, ventas, u operaci\u00f3n de PC; ya que no demandan un conocimiento ni cualidades espec\u00edficas para desempe\u00f1arlas.<\/p>\n<p>Seg\u00fan la carrera, algunos alumnos tienen que realizar pasant\u00edas de manera obligatoria; en este caso, la FAyA brindar\u00e1 un seguro de trabajo al alumno por el t\u00e9rmino de la pasant\u00eda. En caso de tratarse de pasant\u00edas extra curriculares, dicha obligaci\u00f3n es responsabilidad del alumno.[\/vc_column_text]    <\/div>\n<\/div><h4 class=\"clearfix qode-title-holder\">\n<span class=\"qode-tab-title\">\n\t    <span class=\"qode-tab-title-inner\">\n        \u00bfC\u00f3mo se solicitan pasantes?    <\/span>\n<\/span>\n<span class=\"qode-accordion-mark\">\n    <span class=\"qode-accordion-mark-icon\">\n        <span class=\"icon_plus\"><\/span>\n        <span class=\"icon_minus-06\"><\/span>\n    <\/span>\n<\/span>\n<\/h4>\n<div class=\"qode-accordion-content \" >\n    <div class=\"qode-accordion-content-inner\">\n        [vc_column_text]Ciertas organizaciones oficiales nacionales, provinciales y\/o municipales, empresas privadas y personas individuales se ponen en contacto con la Universidad y se firma un convenio entre la Universidad y \u00e9stas. Luego llenan un formulario solicitando el perfil del pasante que necesitan, la tarea que desarrollar\u00e1 en su lugar de trabajo, cantidad de horas que trabajar\u00e1, asignaci\u00f3n est\u00edmulo, tiempo de duraci\u00f3n de la pasant\u00eda, posibilidades de renovaci\u00f3n, etc.[\/vc_column_text]    <\/div>\n<\/div><\/div>[vc_empty_space][vc_column_text]<\/p>\n<h2 style=\"text-align: center;\"><strong>Requisitos<\/strong><\/h2>\n<p>[\/vc_column_text]<div class=\"qode-accordion-holder clearfix qode-toggle qode-initial \">\n\t<h4 class=\"clearfix qode-title-holder\">\n<span class=\"qode-tab-title\">\n\t    <span class=\"qode-tab-title-inner\">\n        Pasant\u00edas curriculares    <\/span>\n<\/span>\n<span class=\"qode-accordion-mark\">\n    <span class=\"qode-accordion-mark-icon\">\n        <span class=\"icon_plus\"><\/span>\n        <span class=\"icon_minus-06\"><\/span>\n    <\/span>\n<\/span>\n<\/h4>\n<div class=\"qode-accordion-content \" >\n    <div class=\"qode-accordion-content-inner\">\n        [vc_column_text]<\/p>\n<ul>\n<li>Ser alumno regular de esta Universidad.<\/li>\n<li>Tener aprobadas la mitad m\u00e1s una de las asignaturas que componen el curr\u00edculo de la carrera (se excluyen las traducciones t\u00e9cnicas y las electivas). Este requisito podr\u00e1 ser objeto de an\u00e1lisis y ajuste seg\u00fan las exigencias que surjan del tema y programa de pasant\u00eda y la situaci\u00f3n del o los aspirantes.<\/li>\n<li>Estar cursando, tener regularizadas o haber aprobado las asignaturas que en cada caso especifique el responsable de la conducci\u00f3n del plan o la Direcci\u00f3n de la Escuela.<\/li>\n<li>No registrar sanciones disciplinarias.<\/li>\n<li>En caso de no tratarse de una pasant\u00eda no exigida por la curr\u00edcula, el alumno deber\u00e1 poseer seguro de trabajo. Las bases para la selecci\u00f3n son:\n<ul>\n<li>Notas obtenidas en todas las asignaturas aprobadas:<br \/>\nSe suman las notas obtenidas (incluyendo aplazos). Se multiplica este resultado por 10 y se divide entre el n\u00famero de veces que rindi\u00f3.<\/li>\n<li>Promedio o nota obtenida en la o las asignaturas exigidas como condici\u00f3n multiplicado por 10.<\/li>\n<li>Calificaci\u00f3n del aspirante (0 a 100 puntos) por parte del responsable de la planificaci\u00f3n y conducci\u00f3n de la pasant\u00eda. Esto podr\u00eda concretarse mediante una entrevista personal.<\/li>\n<\/ul>\n<\/li>\n<\/ul>\n<p>[\/vc_column_text]    <\/div>\n<\/div><h4 class=\"clearfix qode-title-holder\">\n<span class=\"qode-tab-title\">\n\t    <span class=\"qode-tab-title-inner\">\n        Pasant\u00edas extracurriculares    <\/span>\n<\/span>\n<span class=\"qode-accordion-mark\">\n    <span class=\"qode-accordion-mark-icon\">\n        <span class=\"icon_plus\"><\/span>\n        <span class=\"icon_minus-06\"><\/span>\n    <\/span>\n<\/span>\n<\/h4>\n<div class=\"qode-accordion-content \" >\n    <div class=\"qode-accordion-content-inner\">\n            <\/div>\n<\/div><\/div>[vc_empty_space][vc_column_text]<\/p>\n<h3 style=\"text-align: center;\" align=\"left\">Responsables<\/h3>\n<p align=\"left\">La persona responsable de las pasant\u00edas es el Secretario de Extensi\u00f3n, Vinculaci\u00f3n y Transferencia de la FAyA, Lic. Cristian Navarro.<\/p>\n<p>Para comunicarse con la SEVyT enviar correo electr\u00f3nico a vinculacionfaya@gmail.com.<\/p>\n<p>[\/vc_column_text][\/vc_column][\/vc_row][vc_row css_animation=&#8221;&#8221; row_type=&#8221;row&#8221; use_row_as_full_screen_section=&#8221;no&#8221; type=&#8221;full_width&#8221; angled_section=&#8221;no&#8221; text_align=&#8221;left&#8221; background_image_as_pattern=&#8221;without_pattern&#8221;][vc_column][vc_empty_space height=&#8221;60px&#8221;][\/vc_column][\/vc_row]<\/p>\n","protected":false},"excerpt":{"rendered":"<p>[vc_row css_animation=&#8221;&#8221; row_type=&#8221;row&#8221; use_row_as_full_screen_section=&#8221;no&#8221; type=&#8221;full_width&#8221; angled_section=&#8221;no&#8221; text_align=&#8221;left&#8221; background_image_as_pattern=&#8221;without_pattern&#8221;][vc_column][vc_column_text] Preguntas frecuentes [\/vc_column_text][vc_empty_space][vc_column_text] Requisitos [\/vc_column_text][vc_empty_space][vc_column_text] Responsables La persona responsable de las pasant\u00edas es el Secretario de Extensi\u00f3n, Vinculaci\u00f3n y Transferencia de la FAyA, Lic. Cristian Navarro. Para comunicarse con la SEVyT enviar correo electr\u00f3nico a vinculacionfaya@gmail.com. [\/vc_column_text][\/vc_column][\/vc_row][vc_row&#8230;<\/p>\n","protected":false},"author":1,"featured_media":0,"parent":0,"menu_order":0,"comment_status":"closed","ping_status":"closed","template":"","meta":{"_mi_skip_tracking":false},"yoast_head":"<!-- This site is optimized with the Yoast SEO plugin v17.7.1 - https:\/\/yoast.com\/wordpress\/plugins\/seo\/ -->\n<meta name=\"robots\" content=\"index, follow, max-snippet:-1, max-image-preview:large, max-video-preview:-1\" \/>\n<link rel=\"canonical\" href=\"https:\/\/faya.unse.edu.ar\/index.php\/pasantias-3\/\" \/>\n<meta property=\"og:locale\" content=\"es_ES\" \/>\n<meta property=\"og:type\" content=\"article\" \/>\n<meta property=\"og:title\" content=\"Pasant\u00edas | Facultad de Agronom\u00eda y Agroindustrias UNSE | FAyA UNSE\" \/>\n<meta property=\"og:description\" content=\"[vc_row css_animation=&#8221;&#8221; row_type=&#8221;row&#8221; use_row_as_full_screen_section=&#8221;no&#8221; type=&#8221;full_width&#8221; angled_section=&#8221;no&#8221; text_align=&#8221;left&#8221; background_image_as_pattern=&#8221;without_pattern&#8221;][vc_column][vc_column_text] Preguntas frecuentes [\/vc_column_text][vc_empty_space][vc_column_text] Requisitos [\/vc_column_text][vc_empty_space][vc_column_text] Responsables La persona responsable de las pasant\u00edas es el Secretario de Extensi\u00f3n, Vinculaci\u00f3n y Transferencia de la FAyA, Lic. Cristian Navarro. Para comunicarse con la SEVyT enviar correo electr\u00f3nico a vinculacionfaya@gmail.com. [\/vc_column_text][\/vc_column][\/vc_row][vc_row...\" \/>\n<meta property=\"og:url\" content=\"https:\/\/faya.unse.edu.ar\/index.php\/pasantias-3\/\" \/>\n<meta property=\"og:site_name\" content=\"Facultad de Agronom\u00eda y Agroindustrias UNSE | FAyA UNSE\" \/>\n<meta property=\"article:publisher\" content=\"https:\/\/www.facebook.com\/agroUNSE\/\" \/>\n<meta property=\"article:modified_time\" content=\"2026-02-26T16:58:27+00:00\" \/>\n<meta name=\"twitter:card\" content=\"summary_large_image\" \/>\n<meta name=\"twitter:site\" content=\"@fayaunse\" \/>\n<meta name=\"twitter:label1\" content=\"Tiempo de lectura\" \/>\n\t<meta name=\"twitter:data1\" content=\"4 minutos\" \/>\n<script type=\"application\/ld+json\" class=\"yoast-schema-graph\">{\"@context\":\"https:\/\/schema.org\",\"@graph\":[{\"@type\":\"WebSite\",\"@id\":\"https:\/\/faya.unse.edu.ar\/#website\",\"url\":\"https:\/\/faya.unse.edu.ar\/\",\"name\":\"Facultad de Agronom\\u00eda y Agroindustrias UNSE | FAyA UNSE\",\"description\":\"\",\"potentialAction\":[{\"@type\":\"SearchAction\",\"target\":{\"@type\":\"EntryPoint\",\"urlTemplate\":\"https:\/\/faya.unse.edu.ar\/?s={search_term_string}\"},\"query-input\":\"required name=search_term_string\"}],\"inLanguage\":\"es-AR\"},{\"@type\":\"WebPage\",\"@id\":\"https:\/\/faya.unse.edu.ar\/index.php\/pasantias-3\/#webpage\",\"url\":\"https:\/\/faya.unse.edu.ar\/index.php\/pasantias-3\/\",\"name\":\"Pasant\\u00edas | Facultad de Agronom\\u00eda y Agroindustrias UNSE | FAyA UNSE\",\"isPartOf\":{\"@id\":\"https:\/\/faya.unse.edu.ar\/#website\"},\"datePublished\":\"2018-12-20T03:00:22+00:00\",\"dateModified\":\"2026-02-26T16:58:27+00:00\",\"breadcrumb\":{\"@id\":\"https:\/\/faya.unse.edu.ar\/index.php\/pasantias-3\/#breadcrumb\"},\"inLanguage\":\"es-AR\",\"potentialAction\":[{\"@type\":\"ReadAction\",\"target\":[\"https:\/\/faya.unse.edu.ar\/index.php\/pasantias-3\/\"]}]},{\"@type\":\"BreadcrumbList\",\"@id\":\"https:\/\/faya.unse.edu.ar\/index.php\/pasantias-3\/#breadcrumb\",\"itemListElement\":[{\"@type\":\"ListItem\",\"position\":1,\"name\":\"Home\",\"item\":\"https:\/\/faya.unse.edu.ar\/\"},{\"@type\":\"ListItem\",\"position\":2,\"name\":\"Pasant\\u00edas\"}]}]}<\/script>\n<!-- \/ Yoast SEO plugin. -->","yoast_head_json":{"robots":{"index":"index","follow":"follow","max-snippet":"max-snippet:-1","max-image-preview":"max-image-preview:large","max-video-preview":"max-video-preview:-1"},"canonical":"https:\/\/faya.unse.edu.ar\/index.php\/pasantias-3\/","og_locale":"es_ES","og_type":"article","og_title":"Pasant\u00edas | Facultad de Agronom\u00eda y Agroindustrias UNSE | FAyA UNSE","og_description":"[vc_row css_animation=&#8221;&#8221; row_type=&#8221;row&#8221; use_row_as_full_screen_section=&#8221;no&#8221; type=&#8221;full_width&#8221; angled_section=&#8221;no&#8221; text_align=&#8221;left&#8221; background_image_as_pattern=&#8221;without_pattern&#8221;][vc_column][vc_column_text] Preguntas frecuentes [\/vc_column_text][vc_empty_space][vc_column_text] Requisitos [\/vc_column_text][vc_empty_space][vc_column_text] Responsables La persona responsable de las pasant\u00edas es el Secretario de Extensi\u00f3n, Vinculaci\u00f3n y Transferencia de la FAyA, Lic. Cristian Navarro. Para comunicarse con la SEVyT enviar correo electr\u00f3nico a vinculacionfaya@gmail.com. [\/vc_column_text][\/vc_column][\/vc_row][vc_row...","og_url":"https:\/\/faya.unse.edu.ar\/index.php\/pasantias-3\/","og_site_name":"Facultad de Agronom\u00eda y Agroindustrias UNSE | FAyA UNSE","article_publisher":"https:\/\/www.facebook.com\/agroUNSE\/","article_modified_time":"2026-02-26T16:58:27+00:00","twitter_card":"summary_large_image","twitter_site":"@fayaunse","twitter_misc":{"Tiempo de lectura":"4 minutos"},"schema":{"@context":"https:\/\/schema.org","@graph":[{"@type":"WebSite","@id":"https:\/\/faya.unse.edu.ar\/#website","url":"https:\/\/faya.unse.edu.ar\/","name":"Facultad de Agronom\u00eda y Agroindustrias UNSE | FAyA UNSE","description":"","potentialAction":[{"@type":"SearchAction","target":{"@type":"EntryPoint","urlTemplate":"https:\/\/faya.unse.edu.ar\/?s={search_term_string}"},"query-input":"required name=search_term_string"}],"inLanguage":"es-AR"},{"@type":"WebPage","@id":"https:\/\/faya.unse.edu.ar\/index.php\/pasantias-3\/#webpage","url":"https:\/\/faya.unse.edu.ar\/index.php\/pasantias-3\/","name":"Pasant\u00edas | Facultad de Agronom\u00eda y Agroindustrias UNSE | FAyA UNSE","isPartOf":{"@id":"https:\/\/faya.unse.edu.ar\/#website"},"datePublished":"2018-12-20T03:00:22+00:00","dateModified":"2026-02-26T16:58:27+00:00","breadcrumb":{"@id":"https:\/\/faya.unse.edu.ar\/index.php\/pasantias-3\/#breadcrumb"},"inLanguage":"es-AR","potentialAction":[{"@type":"ReadAction","target":["https:\/\/faya.unse.edu.ar\/index.php\/pasantias-3\/"]}]},{"@type":"BreadcrumbList","@id":"https:\/\/faya.unse.edu.ar\/index.php\/pasantias-3\/#breadcrumb","itemListElement":[{"@type":"ListItem","position":1,"name":"Home","item":"https:\/\/faya.unse.edu.ar\/"},{"@type":"ListItem","position":2,"name":"Pasant\u00edas"}]}]}},"_links":{"self":[{"href":"https:\/\/faya.unse.edu.ar\/index.php\/wp-json\/wp\/v2\/pages\/16921"}],"collection":[{"href":"https:\/\/faya.unse.edu.ar\/index.php\/wp-json\/wp\/v2\/pages"}],"about":[{"href":"https:\/\/faya.unse.edu.ar\/index.php\/wp-json\/wp\/v2\/types\/page"}],"author":[{"embeddable":true,"href":"https:\/\/faya.unse.edu.ar\/index.php\/wp-json\/wp\/v2\/users\/1"}],"replies":[{"embeddable":true,"href":"https:\/\/faya.unse.edu.ar\/index.php\/wp-json\/wp\/v2\/comments?post=16921"}],"version-history":[{"count":11,"href":"https:\/\/faya.unse.edu.ar\/index.php\/wp-json\/wp\/v2\/pages\/16921\/revisions"}],"predecessor-version":[{"id":35758,"href":"https:\/\/faya.unse.edu.ar\/index.php\/wp-json\/wp\/v2\/pages\/16921\/revisions\/35758"}],"wp:attachment":[{"href":"https:\/\/faya.unse.edu.ar\/index.php\/wp-json\/wp\/v2\/media?parent=16921"}],"curies":[{"name":"wp","href":"https:\/\/api.w.org\/{rel}","templated":true}]}}