{"id":17308,"date":"2018-12-23T19:36:50","date_gmt":"2018-12-23T22:36:50","guid":{"rendered":"http:\/\/faya.unse.edu.ar\/?page_id=17308"},"modified":"2024-10-28T14:07:11","modified_gmt":"2024-10-28T17:07:11","slug":"icyta-2","status":"publish","type":"page","link":"https:\/\/faya.unse.edu.ar\/index.php\/institutos\/icyta-2\/","title":{"rendered":"ICyTA"},"content":{"rendered":"<p>[vc_row css_animation=&#8221;&#8221; row_type=&#8221;row&#8221; use_row_as_full_screen_section=&#8221;no&#8221; type=&#8221;full_width&#8221; angled_section=&#8221;no&#8221; text_align=&#8221;left&#8221; background_image_as_pattern=&#8221;without_pattern&#8221;][vc_column][vc_column_text]Instituto dirigido por: <strong>Dra. Soledad L\u00f3pez Alzogaray<\/strong>.<\/p>\n<p>Consejo Asesor<\/p>\n<p>Profesora: Dra. Claudia M. Quinzio<\/p>\n<p>Aux. de Doc.: Ing. Sandra M. Ju\u00e1rez<\/p>\n<p>Egresado: Ing. Ramiro Cas\u00f3liba<\/p>\n<p>La creaci\u00f3n del I<strong>nstituto de Ciencias y Tecnolog\u00edas Alimentarias (ICyTA)<\/strong> fue aprobada por Resoluci\u00f3n del Consejo Directivo de la FAyA N\u00ba 195\/89. Sus fines son:<br \/>\nrealizar investigaciones destinadas al desarrollo de la ciencia y tecnolog\u00eda de alimentos, obtener nuevos conocimientos y aplicar los ya conocidos;<br \/>\nformar recursos humanos calificados para la investigaci\u00f3n;<br \/>\nbrindar asesoramiento cient\u00edfico y t\u00e9cnico a la comunidad.[\/vc_column_text][vc_empty_space]<div class=\"qode-accordion-holder clearfix qode-accordion qode-initial \">\n\t<h4 class=\"clearfix qode-title-holder\">\n<span class=\"qode-tab-title\">\n\t    <span class=\"qode-tab-title-inner\">\n        Objetivos    <\/span>\n<\/span>\n<span class=\"qode-accordion-mark\">\n    <span class=\"qode-accordion-mark-icon\">\n        <span class=\"icon_plus\"><\/span>\n        <span class=\"icon_minus-06\"><\/span>\n    <\/span>\n<\/span>\n<\/h4>\n<div class=\"qode-accordion-content \" >\n    <div class=\"qode-accordion-content-inner\">\n        [vc_column_text]<\/p>\n<ul>\n<li>Desarrollar investigaciones de ciencias b\u00e1sicas y aplicadas y tecnolog\u00edas referidas al procesamiento, conservaci\u00f3n, transformaci\u00f3n, almacenaje y distribuci\u00f3n de alimentos, principalmente de producci\u00f3n regional.<\/li>\n<li>Fijar prioridades, aprobar, asignar recursos y evaluar los resultados de proyectos de investigaci\u00f3n que se desarrollen en su \u00e1mbito. Facilitar la especializaci\u00f3n de sus investigadores en centros de reconocidos prestigio. Organizar el dictado de cursos y seminarios en las distintas disciplinas del Instituto. Facilitar la concurrencia de sus investigadores a cursos, seminarios y congresos.<br \/>\nFacilitar la admisi\u00f3n de graduados de esta y otras universidades o centros, ya sean nacionales o extranjeros, para especializarse en las l\u00edneas que ofrece el Instituto. Brindar al medio resultados concretos sobre los problemas espec\u00edficos que pueden presentarse en la pr\u00e1ctica. Capacitar t\u00e9cnicos a nivel intermedio y profesionales especializados en el campo de la ciencia y tecnolog\u00eda de alimentos. Contribuir a la formaci\u00f3n de docentes. Participar en investigaciones interdisciplinarias dentro de la Universidad o con otros Institutos del pa\u00eds o del extranjero. Permitir la participaci\u00f3n de docentes e investigadores de la UNSE y de otras universidades u organismos, de acuerdo a la reglamentaci\u00f3n que se dicte a tal efecto.<\/li>\n<\/ul>\n<p>[\/vc_column_text]    <\/div>\n<\/div><\/div>[vc_empty_space height=&#8221;60px&#8221;][\/vc_column][\/vc_row]<\/p>\n","protected":false},"excerpt":{"rendered":"<p>[vc_row css_animation=&#8221;&#8221; row_type=&#8221;row&#8221; use_row_as_full_screen_section=&#8221;no&#8221; type=&#8221;full_width&#8221; angled_section=&#8221;no&#8221; text_align=&#8221;left&#8221; background_image_as_pattern=&#8221;without_pattern&#8221;][vc_column][vc_column_text]Instituto dirigido por: Dra. Soledad L\u00f3pez Alzogaray. Consejo Asesor Profesora: Dra. Claudia M. Quinzio Aux. de Doc.: Ing. Sandra M. Ju\u00e1rez Egresado: Ing. Ramiro Cas\u00f3liba La creaci\u00f3n del Instituto de Ciencias y Tecnolog\u00edas Alimentarias (ICyTA) fue aprobada por&#8230;<\/p>\n","protected":false},"author":1,"featured_media":0,"parent":17314,"menu_order":0,"comment_status":"closed","ping_status":"closed","template":"","meta":{"_mi_skip_tracking":false},"yoast_head":"<!-- This site is optimized with the Yoast SEO plugin v17.7.1 - https:\/\/yoast.com\/wordpress\/plugins\/seo\/ -->\n<meta name=\"robots\" content=\"index, follow, max-snippet:-1, max-image-preview:large, max-video-preview:-1\" \/>\n<link rel=\"canonical\" href=\"https:\/\/faya.unse.edu.ar\/index.php\/institutos\/icyta-2\/\" \/>\n<meta property=\"og:locale\" content=\"es_ES\" \/>\n<meta property=\"og:type\" content=\"article\" \/>\n<meta property=\"og:title\" content=\"ICyTA | Facultad de Agronom\u00eda y Agroindustrias UNSE | FAyA UNSE\" \/>\n<meta property=\"og:description\" content=\"[vc_row css_animation=&#8221;&#8221; row_type=&#8221;row&#8221; use_row_as_full_screen_section=&#8221;no&#8221; type=&#8221;full_width&#8221; angled_section=&#8221;no&#8221; text_align=&#8221;left&#8221; background_image_as_pattern=&#8221;without_pattern&#8221;][vc_column][vc_column_text]Instituto dirigido por: Dra. Soledad L\u00f3pez Alzogaray. Consejo Asesor Profesora: Dra. Claudia M. Quinzio Aux. de Doc.: Ing. Sandra M. Ju\u00e1rez Egresado: Ing. Ramiro Cas\u00f3liba La creaci\u00f3n del Instituto de Ciencias y Tecnolog\u00edas Alimentarias (ICyTA) fue aprobada por...\" \/>\n<meta property=\"og:url\" content=\"https:\/\/faya.unse.edu.ar\/index.php\/institutos\/icyta-2\/\" \/>\n<meta property=\"og:site_name\" content=\"Facultad de Agronom\u00eda y Agroindustrias UNSE | FAyA UNSE\" \/>\n<meta property=\"article:publisher\" content=\"https:\/\/www.facebook.com\/agroUNSE\/\" \/>\n<meta property=\"article:modified_time\" content=\"2024-10-28T17:07:11+00:00\" \/>\n<meta name=\"twitter:card\" content=\"summary_large_image\" \/>\n<meta name=\"twitter:site\" content=\"@fayaunse\" \/>\n<meta name=\"twitter:label1\" content=\"Tiempo de lectura\" \/>\n\t<meta name=\"twitter:data1\" content=\"2 minutos\" \/>\n<script type=\"application\/ld+json\" class=\"yoast-schema-graph\">{\"@context\":\"https:\/\/schema.org\",\"@graph\":[{\"@type\":\"WebSite\",\"@id\":\"https:\/\/faya.unse.edu.ar\/#website\",\"url\":\"https:\/\/faya.unse.edu.ar\/\",\"name\":\"Facultad de Agronom\\u00eda y Agroindustrias UNSE | FAyA UNSE\",\"description\":\"\",\"potentialAction\":[{\"@type\":\"SearchAction\",\"target\":{\"@type\":\"EntryPoint\",\"urlTemplate\":\"https:\/\/faya.unse.edu.ar\/?s={search_term_string}\"},\"query-input\":\"required name=search_term_string\"}],\"inLanguage\":\"es-AR\"},{\"@type\":\"WebPage\",\"@id\":\"https:\/\/faya.unse.edu.ar\/index.php\/institutos\/icyta-2\/#webpage\",\"url\":\"https:\/\/faya.unse.edu.ar\/index.php\/institutos\/icyta-2\/\",\"name\":\"ICyTA | Facultad de Agronom\\u00eda y Agroindustrias UNSE | FAyA UNSE\",\"isPartOf\":{\"@id\":\"https:\/\/faya.unse.edu.ar\/#website\"},\"datePublished\":\"2018-12-23T22:36:50+00:00\",\"dateModified\":\"2024-10-28T17:07:11+00:00\",\"breadcrumb\":{\"@id\":\"https:\/\/faya.unse.edu.ar\/index.php\/institutos\/icyta-2\/#breadcrumb\"},\"inLanguage\":\"es-AR\",\"potentialAction\":[{\"@type\":\"ReadAction\",\"target\":[\"https:\/\/faya.unse.edu.ar\/index.php\/institutos\/icyta-2\/\"]}]},{\"@type\":\"BreadcrumbList\",\"@id\":\"https:\/\/faya.unse.edu.ar\/index.php\/institutos\/icyta-2\/#breadcrumb\",\"itemListElement\":[{\"@type\":\"ListItem\",\"position\":1,\"name\":\"Home\",\"item\":\"https:\/\/faya.unse.edu.ar\/\"},{\"@type\":\"ListItem\",\"position\":2,\"name\":\"Institutos\",\"item\":\"https:\/\/faya.unse.edu.ar\/index.php\/institutos\/\"},{\"@type\":\"ListItem\",\"position\":3,\"name\":\"ICyTA\"}]}]}<\/script>\n<!-- \/ Yoast SEO plugin. -->","yoast_head_json":{"robots":{"index":"index","follow":"follow","max-snippet":"max-snippet:-1","max-image-preview":"max-image-preview:large","max-video-preview":"max-video-preview:-1"},"canonical":"https:\/\/faya.unse.edu.ar\/index.php\/institutos\/icyta-2\/","og_locale":"es_ES","og_type":"article","og_title":"ICyTA | Facultad de Agronom\u00eda y Agroindustrias UNSE | FAyA UNSE","og_description":"[vc_row css_animation=&#8221;&#8221; row_type=&#8221;row&#8221; use_row_as_full_screen_section=&#8221;no&#8221; type=&#8221;full_width&#8221; angled_section=&#8221;no&#8221; text_align=&#8221;left&#8221; background_image_as_pattern=&#8221;without_pattern&#8221;][vc_column][vc_column_text]Instituto dirigido por: Dra. Soledad L\u00f3pez Alzogaray. Consejo Asesor Profesora: Dra. Claudia M. Quinzio Aux. de Doc.: Ing. Sandra M. Ju\u00e1rez Egresado: Ing. Ramiro Cas\u00f3liba La creaci\u00f3n del Instituto de Ciencias y Tecnolog\u00edas Alimentarias (ICyTA) fue aprobada por...","og_url":"https:\/\/faya.unse.edu.ar\/index.php\/institutos\/icyta-2\/","og_site_name":"Facultad de Agronom\u00eda y Agroindustrias UNSE | FAyA UNSE","article_publisher":"https:\/\/www.facebook.com\/agroUNSE\/","article_modified_time":"2024-10-28T17:07:11+00:00","twitter_card":"summary_large_image","twitter_site":"@fayaunse","twitter_misc":{"Tiempo de lectura":"2 minutos"},"schema":{"@context":"https:\/\/schema.org","@graph":[{"@type":"WebSite","@id":"https:\/\/faya.unse.edu.ar\/#website","url":"https:\/\/faya.unse.edu.ar\/","name":"Facultad de Agronom\u00eda y Agroindustrias UNSE | FAyA UNSE","description":"","potentialAction":[{"@type":"SearchAction","target":{"@type":"EntryPoint","urlTemplate":"https:\/\/faya.unse.edu.ar\/?s={search_term_string}"},"query-input":"required name=search_term_string"}],"inLanguage":"es-AR"},{"@type":"WebPage","@id":"https:\/\/faya.unse.edu.ar\/index.php\/institutos\/icyta-2\/#webpage","url":"https:\/\/faya.unse.edu.ar\/index.php\/institutos\/icyta-2\/","name":"ICyTA | Facultad de Agronom\u00eda y Agroindustrias UNSE | FAyA UNSE","isPartOf":{"@id":"https:\/\/faya.unse.edu.ar\/#website"},"datePublished":"2018-12-23T22:36:50+00:00","dateModified":"2024-10-28T17:07:11+00:00","breadcrumb":{"@id":"https:\/\/faya.unse.edu.ar\/index.php\/institutos\/icyta-2\/#breadcrumb"},"inLanguage":"es-AR","potentialAction":[{"@type":"ReadAction","target":["https:\/\/faya.unse.edu.ar\/index.php\/institutos\/icyta-2\/"]}]},{"@type":"BreadcrumbList","@id":"https:\/\/faya.unse.edu.ar\/index.php\/institutos\/icyta-2\/#breadcrumb","itemListElement":[{"@type":"ListItem","position":1,"name":"Home","item":"https:\/\/faya.unse.edu.ar\/"},{"@type":"ListItem","position":2,"name":"Institutos","item":"https:\/\/faya.unse.edu.ar\/index.php\/institutos\/"},{"@type":"ListItem","position":3,"name":"ICyTA"}]}]}},"_links":{"self":[{"href":"https:\/\/faya.unse.edu.ar\/index.php\/wp-json\/wp\/v2\/pages\/17308"}],"collection":[{"href":"https:\/\/faya.unse.edu.ar\/index.php\/wp-json\/wp\/v2\/pages"}],"about":[{"href":"https:\/\/faya.unse.edu.ar\/index.php\/wp-json\/wp\/v2\/types\/page"}],"author":[{"embeddable":true,"href":"https:\/\/faya.unse.edu.ar\/index.php\/wp-json\/wp\/v2\/users\/1"}],"replies":[{"embeddable":true,"href":"https:\/\/faya.unse.edu.ar\/index.php\/wp-json\/wp\/v2\/comments?post=17308"}],"version-history":[{"count":4,"href":"https:\/\/faya.unse.edu.ar\/index.php\/wp-json\/wp\/v2\/pages\/17308\/revisions"}],"predecessor-version":[{"id":33659,"href":"https:\/\/faya.unse.edu.ar\/index.php\/wp-json\/wp\/v2\/pages\/17308\/revisions\/33659"}],"up":[{"embeddable":true,"href":"https:\/\/faya.unse.edu.ar\/index.php\/wp-json\/wp\/v2\/pages\/17314"}],"wp:attachment":[{"href":"https:\/\/faya.unse.edu.ar\/index.php\/wp-json\/wp\/v2\/media?parent=17308"}],"curies":[{"name":"wp","href":"https:\/\/api.w.org\/{rel}","templated":true}]}}