{"id":17363,"date":"2018-12-24T11:41:48","date_gmt":"2018-12-24T14:41:48","guid":{"rendered":"http:\/\/faya.unse.edu.ar\/?page_id=17363"},"modified":"2018-12-24T12:42:41","modified_gmt":"2018-12-24T15:42:41","slug":"historia","status":"publish","type":"page","link":"https:\/\/faya.unse.edu.ar\/index.php\/historia\/","title":{"rendered":"Historia"},"content":{"rendered":"<div align=\"right\">\n<p class=\"Estilo1\" align=\"left\">En Santiago del Estero, a mediados del siglo pasado empez\u00f3 a manifestarse m\u00e1s vivamente, el deseo de tener una Universidad propia. En la d\u00e9cada del \u00b450 se materializ\u00f3 esta idea con la creaci\u00f3n de la Universidad Libre de Santiago del Estero, que naci\u00f3 por el entusiasmo de algunos santiague\u00f1os, pero por carecer de un apoyo oficial, desapareci\u00f3 luego de algunos a\u00f1os de actividad.<\/p>\n<p class=\"Estilo1\" align=\"left\">El primer antecedente concreto que hay para que Santiago del Estero tenga una Universidad Nacional lo constituye la creaci\u00f3n de la Facultad de Ingenier\u00eda Forestal.<\/p>\n<p class=\"Estilo1\" align=\"left\">Los Ingenieros Agr\u00f3nomos, nucleados en la Asociaci\u00f3n Santiague\u00f1a de Ingenieros Agr\u00f3nomos, fueron quienes promovieron a comienzos de 1956, una Asamblea P\u00fablica de la cual surgi\u00f3 la Comisi\u00f3n Pro Facultad de Ingenier\u00eda Forestal.<\/p>\n<p class=\"Estilo1\" align=\"left\">Su primer Presidente fue el Doctor Juan Delibano Chazarreta. Esta Comisi\u00f3n, reuni\u00f3 todos los antecedentes de los Institutos de la especialidad en el mundo y elabor\u00f3 el Proyecto y el Plan de Estudios de la Facultad.<\/p>\n<p class=\"Estilo1\" align=\"left\">El 12 de Febrero de 1958 por decreto Ley N\u00ba 9\/58, el Interventor Federal de la Provincia de Santiago del Estero, Almirante Maneville, cre\u00f3 la Facultad de Ingenier\u00eda Forestal. Esta Facultad fue el primer centro de estudios forestales de la Rep\u00fablica Argentina, y el Dr. Delibano Chazarreta su primer Decano. La Universidad Nacional de C\u00f3rdoba la incorpor\u00f3 a su estructura acad\u00e9mica el 22 de Abril de 1958 (ordenanzas 4\/58 y 9\/58) y fue esta Universidad quien otorgaba los t\u00edtulos y garantizaba acad\u00e9micamente a la Facultad.<\/p>\n<p class=\"Estilo1\" align=\"left\">A pesar de no contar con presupuesto de la Universidad Nacional de C\u00f3rdoba, en sus primeros 10 a\u00f1os subsisti\u00f3 con lo que la provincia aportaba para su mantenimiento. Luego se iniciaron tratativas con la Universidad Nacional de C\u00f3rdoba para anexar la Facultad a la Universidad, hasta que la Provincia de Santiago del Estero dispuso por Ley N\u00ba 3457 ceder y transferir la Facultad de Ingenier\u00eda Forestal a la Universidad Nacional de C\u00f3rdoba para que fucionara como una Unidad Acad\u00e9mica plena dentro de aquella Universidad.<\/p>\n<p class=\"Estilo1\" align=\"left\">El 22 de Mayo de 1968 se realiz\u00f3 en Santiago del Estero la firma del convenio, refrend\u00e1ndolo el Gobernador de la Provincia de Santiago del Estero, General de Brigada, Carlos A. Uriondo y el Rector de la Universidad Nacional de C\u00f3rdoba, Ing. Rogelio N. Mart\u00ednez. Por medio de este acuerdo la Provincia de Santiago del Estero transfiri\u00f3 a la UNC los derechos sobre le patrimonio intelectual y material que ostentaba por haber creado la Facultad de Ingenier\u00eda. La Universidad Nacional de C\u00f3rdoba le cambi\u00f3 el nombre y la denomin\u00f3 Instituto de Ingenier\u00eda Forestal, ya que por exigencias acad\u00e9micas no pod\u00eda funcionar como Facultad, y nombr\u00f3 como primer Director del Instituto de Ingenier\u00eda Forestal al Ing. Agr. N\u00e9stor R. Ledesma. (Resoluci\u00f3n N\u00ba 200\/68)<\/p>\n<p class=\"Estilo1\" align=\"left\">Pero a pesar de tener ya la Provincia de Santiago del Estero, el Instituto de Ingenier\u00eda Forestal dependiente de la Universidad Nacional de C\u00f3rdoba, un grupo de santiague\u00f1os, entre los que se encontraba el Ing. Agr. N\u00e9stor Ledesma, cre\u00eda que era imprescindible para la provincia tener su &#8220;Universidad&#8221;, y comenzaron a trabajar para conseguir para la provincia la Universidad Nacional.<\/p>\n<p class=\"Estilo1\" align=\"left\">Esta iniciativa encontr\u00f3, en esa \u00e9poca, un ambiente propicio ya que hacia fines de la d\u00e9cada del 60 se adopt\u00f3 a nivel nacional la decisi\u00f3n pol\u00edtica de crear nuevas Universidades Nacionales, propuesta del Dr. A. C. Tarquini, con el objetivo de descentralizar los Estudios Superiores concentrados en pocas Universidades con un alto n\u00famero de estudiantes.<\/p>\n<p class=\"Estilo1\" align=\"left\">Para concretar tal anhelo se cre\u00f3 la Comisi\u00f3n Popular Pro Universidad en donde estuvieron representadas organizaciones vecinales, gremiales, comerciales, literarias y estudiantes, el gobierno provincial, la Universidad Cat\u00f3lica de Santiago del Estero y el Ministerio de Educaci\u00f3n quien aport\u00f3 asesores para redactar el Proyecto de Universidad Nacional.<\/p>\n<p class=\"Estilo1\" align=\"left\">Esta Comisi\u00f3n culmin\u00f3 su labor con la elaboraci\u00f3n de un Proyecto de Universidad Nacional para la Provincia de Santiago del Estero, que ocup\u00f3 5 tomos y fue calificado como brillante por las autoridades del Ministerio de Educaci\u00f3n.<\/p>\n<p class=\"Estilo1\" align=\"left\">La UNSE fue creada por Ley N\u00ba 20.364 el 10 de Mayo de 1973, siendo Ministro de Educaci\u00f3n de la Naci\u00f3n el DR. Gustavo Malek y el Presidente de la Naci\u00f3n el Teniente General Alejandro Agust\u00edn Lanusse. El antecedente con que cont\u00f3 el Poder Ejecutivo Nacional para tomar tal decisi\u00f3n fue el Proyecto que elaborara la Comisi\u00f3n Pro Universidad.<\/p>\n<p class=\"Estilo1\" align=\"left\">Inici\u00f3 las actividades administrativas en el a\u00f1o 1974 durante la Presidencia de Do\u00f1a Mar\u00eda Estela Mart\u00ednez de Per\u00f3n, siendo Ministro de la Naci\u00f3n el Dr. Oscar Ivanissevich y el Gobernador de la Provincia de Santiago del Estero el Dr. Carlos Arturo Ju\u00e1rez. El primer Delegado Organizador designado por el Ministerio fue el Ing. Ftal. Carlos R. Ruiz, (Decreto PEN N\u00ba 1750), quien asumi\u00f3 el rectorado el 14 de Junio de 1974. En aquel entonces la sede de la UNSE era la Casa del Maestro, donde funcionaba la carrera de Ingenier\u00eda Forestal. Este primer Delegado no pudo cumplir su cometido de poner en funcionamiento a la UNSE y fue reemplazado el 26 de Noviembre del mismo a\u00f1o por el segundo Delegado Organizador, Ing. C\u00e9sar E. Iturre (nombrado por Decreto PEN n 1413). En ese a\u00f1o la Universidad Nacional funcion\u00f3 en la calle 25 de Mayo N 151 de la ciudad Capital.<\/p>\n<p class=\"Estilo1\" align=\"left\">El 4 de Abril de 1975 se inauguraron las nuevas instalaciones de la UNSE, en Avda. Belgrano Sud 1912, que contin\u00faa siendo la sede del edificio Central de la UNSE.<\/p>\n<p class=\"Estilo1\" align=\"left\">En el comienzo de sus actividades acad\u00e9micas, el funcionamiento fue muy precario ya que se dispon\u00eda de un edificio muy peque\u00f1o y all\u00ed funcionaban el rectorado y los despachos acad\u00e9micos y administrativos m\u00e1s las aulas donde se dictaban las clases, salvo el caso de la carrera de Ingenier\u00eda Forestal que continu\u00f3 funcionando en la Casa del Docente hasta el a\u00f1o 1978.<\/p>\n<p class=\"Estilo1\" align=\"left\">El primer antecedente que cuenta la carrera de Agronom\u00eda en la UNSE es del a\u00f1o 1974 cuando el delegado Organizador de la UNSE Ing. Forestal Carlos Ruiz designa al Ing. Agr. Jos\u00e9 Benito Liz\u00e1rraga (Resoluci\u00f3n N\u00ba 13\/74), Coordinador del Area Agronom\u00eda a los efectos de proceder al estudio e implementaci\u00f3n de las carreras que se incluir\u00e1n en el Proyecto que deb\u00eda elevarse al Ministerio de Cultura y Educaci\u00f3n de la Naci\u00f3n.<\/p>\n<p class=\"Estilo1\" align=\"left\">En ese mismo a\u00f1o, 1975, (Resoluci\u00f3n N\u00ba 76) se aprueban los planes de estudio de as distintas Ingenier\u00edas que pod\u00edan estudiarse en la UNSE, a saber: Agrimensura, Vial, Hidr\u00e1ulica, Electromec\u00e1nica, Forestal, Industrias Forestales y Agronom\u00eda.<\/p>\n<p class=\"Estilo1\" align=\"left\">Las carreras de Agronom\u00eda y Zootecnia comenzaron a funcionar en el a\u00f1o 1976, durante el cual ingresaron los primeros alumnos con el Plan de Estudios 1975, seg\u00fan el cual pod\u00edan cursar las carreras de Ingenier\u00eda Agron\u00f3mica e Ingenier\u00eda Zootecnista.<\/p>\n<p class=\"Estilo1\" align=\"left\">En el a\u00f1o 1977, ya durante el Proceso Militar, el rector de la UNSE Dr. Ariel Alvarez Vald\u00e9s, crea las comisiones de carreras (Resoluci\u00f3n N\u00ba 147\/77) a ra\u00edz de las sugerencias recibidas del Consejo de Rectores de Universidades Nacionales para que en cada Universidad se realizan las tareas tendientes al reordenamiento, creaci\u00f3n, modificaci\u00f3n y\/o suspresi\u00f3n de carreras con el prop\u00f3sito de adecuar la Educaci\u00f3n Universitaria a las reales necesidades del pa\u00eds. Ese mismo a\u00f1o se materializa esta disposici\u00f3n y se nombran los integrantes de las distintas comisiones curriculares de las carreras de la UNSE y para agronom\u00eda y Zootecnia se la integr\u00f3 con los siguiete Profesores: Ings. Agr. Roberto Gayraud, Armando Liz\u00e1rraga, Camilo Robles y Leopoldo Flores, Dr. Wylian Otrera, Dr. Julio C\u00e9sar Castiglione y Dr. Francisco Stein (Resoluci\u00f3n N\u00ba 225777). Esta comisi\u00f3n culmin\u00f3 su tarea y propuso un nuevo plan de estudios para la carreras de Agronom\u00eda y Zootecnia.<\/p>\n<p class=\"Estilo1\" align=\"left\">En el a\u00f1o 1978 (resoluciones N\u00ba 107 y 108) se modifica el Plan de Estudios 75\/76 y se aprueban el Ciclo B\u00e1sico Universitario para las carreras de la UNSE y el Plan de Estudios de la carreras de Agronom\u00eda y Zootecnia.<\/p>\n<p class=\"Estilo1\" align=\"left\">El Plan \u00b478 preve\u00eda la formaci\u00f3n de dos tipos de profesionales en el \u00e1rea de Agronom\u00eda, el Ingeniero Agr\u00f3nomo especializado en producci\u00f3n vegetal) y el Ingeniero Zootecnista (especializado en producci\u00f3n animal). Para obtener el t\u00edtulo de Ingeniero Agr\u00f3nomo deb\u00edan cursarse 10 m\u00f3dulos y aprobarse 39 materias y luego cursando dos m\u00f3dulos m\u00e1s, 8 materias del \u00e1rea de Zootecnia cuando finalizaron sus estudios los primeros egresados, trayendo profesores de la carrera de ingenier\u00eda Zootecnista de la Facultad de Agronom\u00eda y Zootecnia de la Universidad Nacional de Tucum\u00e1n, esto nunca se materializ\u00f3 y en la pr\u00e1ctica el \u00e1rea de Zootecnia no se implement\u00f3 y la carrera\u00a0se redujo a Ingenier\u00eda Agron\u00f3mica.<\/p>\n<p class=\"Estilo1\" align=\"left\">Con el advenimiento de la democracia en nuestro pa\u00eds, asumi\u00f3 como Rector normalizador el Ing. Civil Enrique L\u00f3pez y durante su mandato se modific\u00f3 la estructura acad\u00e9mica de la UNSE, cambiando el sistema Departamental por el sistema de Facultades; esto lo resolvi\u00f3 el Consejo Superior Provisorio en Junio de 1984 (resoluci\u00f3n Consejo Superior Provisorio N\u00ba 50 \/84) y el Consejo Superior Provisorio aprob\u00f3 el Estatuto de la UNSE, ya que nuestra universidad carec\u00eda de ellos pues hab\u00eda sido creada durante un gobierno de facto en el cual no funcionaban los \u00f3rganos de gobierno de la Universidad, tal como lo hab\u00edan hecho durante el gobierno del Dr. Humberto Illia.<\/p>\n<p class=\"Estilo1\" align=\"left\">Tambi\u00e9n en 1984 el ministerio de Educaci\u00f3n y Justicia (Resoluci\u00f3n N\u00ba 274764) aprob\u00f3, en forma definitiva el Estatuto de la Universidad y de las Facultades seg\u00fan lo establece el mismo estatuto en el cual se contempla la participaci\u00f3n de8 docentes, alumnos y graduados.<\/p>\n<p class=\"Estilo1\" align=\"left\">En diciembre de 1984 (Resoluci\u00f3n Consejo Superior Provisorio N\u00ba 75) comenz\u00f3 a funcionar<br \/>\nla organizaci\u00f3n de Facultades en la UNSE, tal como las conocemos hoy:<\/p>\n<ul>\n<li class=\"Estilo1\" style=\"text-align: left;\">Facultad de Ciencias Forestales<\/li>\n<li class=\"Estilo1\" style=\"text-align: left;\">Facultad de Humanidades<\/li>\n<li class=\"Estilo1\" style=\"text-align: left;\">Facultad de Ciencias Exactas Tecnolog\u00edas<\/li>\n<li class=\"Estilo1\" style=\"text-align: left;\">Facultad de Agronom\u00eda y Agroindustrias.<\/li>\n<\/ul>\n<p class=\"Estilo1\" align=\"left\">Desde 1984 hasta la fecha han sido Decanos de la Facultad de Agronom\u00eda y Agroindustrias:<\/p>\n<\/div>\n<div class=\"Estilo1\" align=\"right\">\n<div style=\"text-align: left;\" align=\"center\">Ing. Agr. Salom\u00f3n O. Lafi<\/div>\n<div style=\"text-align: left;\" align=\"center\">Ing. Qco. Antonio Goitia<\/div>\n<div style=\"text-align: left;\" align=\"center\">Ing. Qco. Jos\u00e9 R. Kobyla\u00f1ski<\/div>\n<div style=\"text-align: left;\" align=\"center\">Ing. Qco. Jos\u00e9 R. Kobyla\u00f1ski (segundo per\u00edodo)<\/div>\n<div style=\"text-align: left;\" align=\"center\">Ing. Agr. Jos\u00e9 Manuel Salgado<\/div>\n<div style=\"text-align: left;\" align=\"center\">Ing. Qco. Jos\u00e9 R. Kobyla\u00f1ski<\/div>\n<div style=\"text-align: left;\" align=\"center\">La primera egresada fue la Ing. Agr. Susana Gonz\u00e1lez en el a\u00f1o 1981, y a partir de aqu\u00e9l a\u00f1o se graduaron en forma continua y sostenida sucesivas promociones de profesionales.<\/div>\n<\/div>\n","protected":false},"excerpt":{"rendered":"<p>En Santiago del Estero, a mediados del siglo pasado empez\u00f3 a manifestarse m\u00e1s vivamente, el deseo de tener una Universidad propia. En la d\u00e9cada del \u00b450 se materializ\u00f3 esta idea con la creaci\u00f3n de la Universidad Libre de Santiago del Estero, que naci\u00f3 por el&#8230;<\/p>\n","protected":false},"author":1,"featured_media":0,"parent":0,"menu_order":0,"comment_status":"closed","ping_status":"closed","template":"","meta":{"_mi_skip_tracking":false},"yoast_head":"<!-- This site is optimized with the Yoast SEO plugin v17.7.1 - https:\/\/yoast.com\/wordpress\/plugins\/seo\/ -->\n<meta name=\"robots\" content=\"index, follow, max-snippet:-1, max-image-preview:large, max-video-preview:-1\" \/>\n<link rel=\"canonical\" href=\"https:\/\/faya.unse.edu.ar\/index.php\/historia\/\" \/>\n<meta property=\"og:locale\" content=\"es_ES\" \/>\n<meta property=\"og:type\" content=\"article\" \/>\n<meta property=\"og:title\" content=\"Historia | Facultad de Agronom\u00eda y Agroindustrias UNSE | FAyA UNSE\" \/>\n<meta property=\"og:description\" content=\"En Santiago del Estero, a mediados del siglo pasado empez\u00f3 a manifestarse m\u00e1s vivamente, el deseo de tener una Universidad propia. En la d\u00e9cada del \u00b450 se materializ\u00f3 esta idea con la creaci\u00f3n de la Universidad Libre de Santiago del Estero, que naci\u00f3 por el...\" \/>\n<meta property=\"og:url\" content=\"https:\/\/faya.unse.edu.ar\/index.php\/historia\/\" \/>\n<meta property=\"og:site_name\" content=\"Facultad de Agronom\u00eda y Agroindustrias UNSE | FAyA UNSE\" \/>\n<meta property=\"article:publisher\" content=\"https:\/\/www.facebook.com\/agroUNSE\/\" \/>\n<meta property=\"article:modified_time\" content=\"2018-12-24T15:42:41+00:00\" \/>\n<meta name=\"twitter:card\" content=\"summary_large_image\" \/>\n<meta name=\"twitter:site\" content=\"@fayaunse\" \/>\n<meta name=\"twitter:label1\" content=\"Tiempo de lectura\" \/>\n\t<meta name=\"twitter:data1\" content=\"9 minutos\" \/>\n<script type=\"application\/ld+json\" class=\"yoast-schema-graph\">{\"@context\":\"https:\/\/schema.org\",\"@graph\":[{\"@type\":\"WebSite\",\"@id\":\"https:\/\/faya.unse.edu.ar\/#website\",\"url\":\"https:\/\/faya.unse.edu.ar\/\",\"name\":\"Facultad de Agronom\\u00eda y Agroindustrias UNSE | FAyA UNSE\",\"description\":\"\",\"potentialAction\":[{\"@type\":\"SearchAction\",\"target\":{\"@type\":\"EntryPoint\",\"urlTemplate\":\"https:\/\/faya.unse.edu.ar\/?s={search_term_string}\"},\"query-input\":\"required name=search_term_string\"}],\"inLanguage\":\"es-AR\"},{\"@type\":\"WebPage\",\"@id\":\"https:\/\/faya.unse.edu.ar\/index.php\/historia\/#webpage\",\"url\":\"https:\/\/faya.unse.edu.ar\/index.php\/historia\/\",\"name\":\"Historia | Facultad de Agronom\\u00eda y Agroindustrias UNSE | FAyA UNSE\",\"isPartOf\":{\"@id\":\"https:\/\/faya.unse.edu.ar\/#website\"},\"datePublished\":\"2018-12-24T14:41:48+00:00\",\"dateModified\":\"2018-12-24T15:42:41+00:00\",\"breadcrumb\":{\"@id\":\"https:\/\/faya.unse.edu.ar\/index.php\/historia\/#breadcrumb\"},\"inLanguage\":\"es-AR\",\"potentialAction\":[{\"@type\":\"ReadAction\",\"target\":[\"https:\/\/faya.unse.edu.ar\/index.php\/historia\/\"]}]},{\"@type\":\"BreadcrumbList\",\"@id\":\"https:\/\/faya.unse.edu.ar\/index.php\/historia\/#breadcrumb\",\"itemListElement\":[{\"@type\":\"ListItem\",\"position\":1,\"name\":\"Home\",\"item\":\"https:\/\/faya.unse.edu.ar\/\"},{\"@type\":\"ListItem\",\"position\":2,\"name\":\"Historia\"}]}]}<\/script>\n<!-- \/ Yoast SEO plugin. -->","yoast_head_json":{"robots":{"index":"index","follow":"follow","max-snippet":"max-snippet:-1","max-image-preview":"max-image-preview:large","max-video-preview":"max-video-preview:-1"},"canonical":"https:\/\/faya.unse.edu.ar\/index.php\/historia\/","og_locale":"es_ES","og_type":"article","og_title":"Historia | Facultad de Agronom\u00eda y Agroindustrias UNSE | FAyA UNSE","og_description":"En Santiago del Estero, a mediados del siglo pasado empez\u00f3 a manifestarse m\u00e1s vivamente, el deseo de tener una Universidad propia. En la d\u00e9cada del \u00b450 se materializ\u00f3 esta idea con la creaci\u00f3n de la Universidad Libre de Santiago del Estero, que naci\u00f3 por el...","og_url":"https:\/\/faya.unse.edu.ar\/index.php\/historia\/","og_site_name":"Facultad de Agronom\u00eda y Agroindustrias UNSE | FAyA UNSE","article_publisher":"https:\/\/www.facebook.com\/agroUNSE\/","article_modified_time":"2018-12-24T15:42:41+00:00","twitter_card":"summary_large_image","twitter_site":"@fayaunse","twitter_misc":{"Tiempo de lectura":"9 minutos"},"schema":{"@context":"https:\/\/schema.org","@graph":[{"@type":"WebSite","@id":"https:\/\/faya.unse.edu.ar\/#website","url":"https:\/\/faya.unse.edu.ar\/","name":"Facultad de Agronom\u00eda y Agroindustrias UNSE | FAyA UNSE","description":"","potentialAction":[{"@type":"SearchAction","target":{"@type":"EntryPoint","urlTemplate":"https:\/\/faya.unse.edu.ar\/?s={search_term_string}"},"query-input":"required name=search_term_string"}],"inLanguage":"es-AR"},{"@type":"WebPage","@id":"https:\/\/faya.unse.edu.ar\/index.php\/historia\/#webpage","url":"https:\/\/faya.unse.edu.ar\/index.php\/historia\/","name":"Historia | Facultad de Agronom\u00eda y Agroindustrias UNSE | FAyA UNSE","isPartOf":{"@id":"https:\/\/faya.unse.edu.ar\/#website"},"datePublished":"2018-12-24T14:41:48+00:00","dateModified":"2018-12-24T15:42:41+00:00","breadcrumb":{"@id":"https:\/\/faya.unse.edu.ar\/index.php\/historia\/#breadcrumb"},"inLanguage":"es-AR","potentialAction":[{"@type":"ReadAction","target":["https:\/\/faya.unse.edu.ar\/index.php\/historia\/"]}]},{"@type":"BreadcrumbList","@id":"https:\/\/faya.unse.edu.ar\/index.php\/historia\/#breadcrumb","itemListElement":[{"@type":"ListItem","position":1,"name":"Home","item":"https:\/\/faya.unse.edu.ar\/"},{"@type":"ListItem","position":2,"name":"Historia"}]}]}},"_links":{"self":[{"href":"https:\/\/faya.unse.edu.ar\/index.php\/wp-json\/wp\/v2\/pages\/17363"}],"collection":[{"href":"https:\/\/faya.unse.edu.ar\/index.php\/wp-json\/wp\/v2\/pages"}],"about":[{"href":"https:\/\/faya.unse.edu.ar\/index.php\/wp-json\/wp\/v2\/types\/page"}],"author":[{"embeddable":true,"href":"https:\/\/faya.unse.edu.ar\/index.php\/wp-json\/wp\/v2\/users\/1"}],"replies":[{"embeddable":true,"href":"https:\/\/faya.unse.edu.ar\/index.php\/wp-json\/wp\/v2\/comments?post=17363"}],"version-history":[{"count":3,"href":"https:\/\/faya.unse.edu.ar\/index.php\/wp-json\/wp\/v2\/pages\/17363\/revisions"}],"predecessor-version":[{"id":17366,"href":"https:\/\/faya.unse.edu.ar\/index.php\/wp-json\/wp\/v2\/pages\/17363\/revisions\/17366"}],"wp:attachment":[{"href":"https:\/\/faya.unse.edu.ar\/index.php\/wp-json\/wp\/v2\/media?parent=17363"}],"curies":[{"name":"wp","href":"https:\/\/api.w.org\/{rel}","templated":true}]}}