{"id":24946,"date":"2020-08-27T03:02:47","date_gmt":"2020-08-27T06:02:47","guid":{"rendered":"http:\/\/faya.unse.edu.ar\/?page_id=24946"},"modified":"2020-08-27T04:29:45","modified_gmt":"2020-08-27T07:29:45","slug":"calendario-academico-faya-2020-modalidad-virtual","status":"publish","type":"page","link":"https:\/\/faya.unse.edu.ar\/index.php\/calendario-academico-faya-2020-modalidad-virtual\/","title":{"rendered":"Calendario Acad\u00e9mico 2020 &#8211; Modalidad Virtual"},"content":{"rendered":"<p>[vc_row css_animation=&#8221;&#8221; row_type=&#8221;row&#8221; use_row_as_full_screen_section=&#8221;no&#8221; type=&#8221;grid&#8221; angled_section=&#8221;no&#8221; text_align=&#8221;left&#8221; background_image_as_pattern=&#8221;without_pattern&#8221; z_index=&#8221;&#8221;][vc_column width=&#8221;1\/6&#8243;][\/vc_column][vc_column width=&#8221;2\/3&#8243;][vc_column_text css=&#8221;.vc_custom_1598506227853{margin-bottom: 20px !important;}&#8221;]<\/p>\n<p style=\"text-align: center;\">El Calendario Acad\u00e9mico 2020 &#8211; Modalidad Virtual fue aprobado por el Consejo Directivo FAyA, a trav\u00e9s de la Resoluci\u00f3n CD FAA 056\/2020 para el per\u00edodo agosto 2020, marzo 2021.<\/p>\n<p style=\"text-align: center;\"><span style=\"color: #9e3820;\" data-darkreader-inline-color=\"\"><strong><a style=\"color: #9e3820;\" href=\"https:\/\/faya.unse.edu.ar\/wp-content\/uploads\/Resolucion-CD-FAA-N\u00ba-056-2020.pdf\" data-darkreader-inline-color=\"\">Descargar la Resoluci\u00f3n C.D. F.A.A. N\u00b0056\/2020<\/a><\/strong><\/span>.<\/p>\n<p style=\"text-align: center;\"><a href=\"https:\/\/faya.unse.edu.ar\/wp-content\/uploads\/CALENDARIO-ACAD\u00c9MICO-2020-FAyA-UNSE-MODALIDAD-VIRTUAL.pdf\"><strong><span style=\"color: #9e3820; --darkreader-inline-color: #e07d66;\" data-darkreader-inline-color=\"\">Descargar el Calendario Acad\u00e9mico<\/span><\/strong><\/a>.<\/p>\n<p>[\/vc_column_text][\/vc_column][vc_column width=&#8221;1\/6&#8243;][\/vc_column][\/vc_row][vc_row css_animation=&#8221;&#8221; row_type=&#8221;row&#8221; use_row_as_full_screen_section=&#8221;no&#8221; type=&#8221;grid&#8221; angled_section=&#8221;no&#8221; text_align=&#8221;center&#8221; background_image_as_pattern=&#8221;without_pattern&#8221; z_index=&#8221;&#8221; el_id=&#8221;TablaScroll&#8221;][vc_column width=&#8221;1\/6&#8243;][\/vc_column][vc_column width=&#8221;2\/3&#8243;][vc_separator type=&#8221;normal&#8221; up=&#8221;10&#8243; down=&#8221;15&#8243;][vc_row_inner row_type=&#8221;row&#8221; type=&#8221;full_width&#8221; text_align=&#8221;left&#8221; css_animation=&#8221;&#8221; css=&#8221;.vc_custom_1576153693789{padding-top: 10px !important;padding-right: 10px !important;padding-bottom: 10px !important;padding-left: 10px !important;}&#8221;][vc_column_inner][vc_column_text]<\/p>\n<table class=\" aligncenter\" width=\"614\">\n<tbody>\n<tr>\n<td style=\"text-align: center;\" colspan=\"2\" width=\"614\"><strong>CALENDARIO ACAD\u00c9MICO 2020 \u2013 MODALIDAD VIRTUAL <\/strong><\/td>\n<\/tr>\n<tr>\n<td width=\"482\"><strong>CONTINUIDAD DEL APD 1\u00ba CUATRIMESTRE<\/strong><\/td>\n<td width=\"132\"><strong>24\/08\/20<\/strong><\/td>\n<\/tr>\n<tr>\n<td width=\"482\">1\u00b0 LLAMADO DE EX\u00c1MENES (Sin suspensi\u00f3n de clases)<\/td>\n<td width=\"132\">07\/09\/20 al 11\/09\/20<\/td>\n<\/tr>\n<tr>\n<td width=\"482\"><strong>FINALIZACI\u00d3N DEL APD DEL 1\u00ba CUATRIMESTRE&nbsp;<\/strong><\/td>\n<td width=\"132\"><strong>25\/09\/20<\/strong><\/td>\n<\/tr>\n<tr>\n<td width=\"482\">2\u00ba LLAMADO DE EX\u00c1MENES<\/td>\n<td width=\"132\">28\/09\/20 al 2\/10\/20<\/td>\n<\/tr>\n<tr>\n<td width=\"482\"><strong>INICIO DE CLASES VIRTUALES ASIGNATURAS DEL 2\u00ba CUATRIMESTRE Y MATERIAS DEL 1\u00ba CUATRIMESTRE QUE NO SE OFRECIERON<\/strong><\/td>\n<td width=\"132\"><strong>05\/10\/20<\/strong><\/td>\n<\/tr>\n<tr>\n<td width=\"482\">INSCRIPCIONES ASIGNATURAS DEL SEGUNDO CUATRIMESTRE<\/td>\n<td width=\"132\">05\/10\/20 al 16\/10\/20<\/td>\n<\/tr>\n<tr>\n<td width=\"482\">3\u00b0 LLAMADO DE EX\u00c1MENES (Sin suspensi\u00f3n de clases)<\/td>\n<td width=\"132\">19\/10\/20 al 23\/10\/20<\/td>\n<\/tr>\n<tr>\n<td width=\"482\">REAPERTURA DEL SIU PARA INSCRIPCIONES<\/td>\n<td width=\"132\">26\/10\/20 al 30\/10\/20<\/td>\n<\/tr>\n<tr>\n<td width=\"482\">4\u00ba LLAMADO DE EXAMENES (Sin suspensi\u00f3n de clases)<\/td>\n<td width=\"132\">09\/11\/20 al 13\/11\/20<\/td>\n<\/tr>\n<tr>\n<td width=\"482\">REAPERTURA DEL SIU PARA INSCRIPCIONES<\/td>\n<td width=\"132\">16\/11\/20 al 20\/11\/20<\/td>\n<\/tr>\n<tr>\n<td width=\"482\">5\u00b0 LLAMADO DE EX\u00c1MENES (Sin suspensi\u00f3n de clases)<\/td>\n<td width=\"132\">24\/11\/20 al 27\/11\/20<\/td>\n<\/tr>\n<tr>\n<td width=\"482\"><strong>FINALIZACI\u00d3N 1\u00ba ETAPA DE CLASES VIRTUALES ASIGNATURAS DEL 2\u00ba CUATRIMESTRE&nbsp;<\/strong><\/td>\n<td width=\"132\"><strong>11\/12\/2020<\/strong><\/td>\n<\/tr>\n<tr>\n<td width=\"482\">6\u00b0 LLAMADO DE EXAMENES<\/td>\n<td width=\"132\">14\/12\/20 al 18\/12\/20<\/td>\n<\/tr>\n<tr>\n<td width=\"482\">7\u00ba LLAMADO DE EXAMENES<\/td>\n<td width=\"132\">21\/12\/20 al 23\/12\/20<\/td>\n<\/tr>\n<tr>\n<td width=\"482\">CIERRE DE ACTIVIDADES DOCENTES<\/td>\n<td width=\"132\">23\/12\/2020<\/td>\n<\/tr>\n<tr>\n<td width=\"482\">SERVICIOS CON GUARDIA PARA EL A\u00d1O 2021<\/td>\n<td width=\"132\">04\/01\/21 al 30\/01\/21<\/td>\n<\/tr>\n<tr>\n<td width=\"482\"><strong>INICIO 2\u00ba ETAPA DE CLASES VIRTUALES ASIGNATURAS DEL 2\u00ba CUATRIMESTRE&nbsp;<\/strong><\/td>\n<td width=\"132\"><strong>01\/02\/2021<\/strong><\/td>\n<\/tr>\n<tr>\n<td width=\"482\">8\u00b0 LLAMADO DE EX\u00c1MENES (Sin suspensi\u00f3n de clases)<\/td>\n<td width=\"132\">08\/02\/21 al 12\/02\/21<\/td>\n<\/tr>\n<tr>\n<td width=\"482\">9\u00b0 LLAMADO DE EX\u00c1MENES (Sin suspensi\u00f3n de clases)<\/td>\n<td width=\"132\">22\/02\/21 al 26\/02\/21<\/td>\n<\/tr>\n<tr>\n<td width=\"482\"><strong>FINALIZACION CLASES VIRTUALES ASIGNATURAS DEL 2\u00ba CUATRIMESTRE&nbsp;<\/strong><\/td>\n<td width=\"132\"><strong>05\/03\/2021<\/strong><\/td>\n<\/tr>\n<tr>\n<td width=\"482\">10\u00b0 LLAMADO DE EX\u00c1MENES<\/td>\n<td width=\"132\">15\/03\/21 al 19\/03\/21<\/td>\n<\/tr>\n<tr>\n<td width=\"482\">11\u00b0 LLAMADO DE EX\u00c1MENES<\/td>\n<td width=\"132\">29\/03\/21 al 02\/04\/21<\/td>\n<\/tr>\n<tr>\n<td width=\"482\">REAPERTURA DEL SIU PARA INSCRIPCIONES<\/td>\n<td width=\"132\">05\/04\/21 al 07\/04\/21<\/td>\n<\/tr>\n<\/tbody>\n<\/table>\n<p>[\/vc_column_text][\/vc_column_inner][\/vc_row_inner][vc_separator type=&#8221;transparent&#8221; down=&#8221;20&#8243;][vc_separator type=&#8221;transparent&#8221; down=&#8221;30&#8243;][\/vc_column][vc_column width=&#8221;1\/6&#8243;][\/vc_column][\/vc_row]<\/p>\n","protected":false},"excerpt":{"rendered":"<p>[vc_row css_animation=&#8221;&#8221; row_type=&#8221;row&#8221; use_row_as_full_screen_section=&#8221;no&#8221; type=&#8221;grid&#8221; angled_section=&#8221;no&#8221; text_align=&#8221;left&#8221; background_image_as_pattern=&#8221;without_pattern&#8221; z_index=&#8221;&#8221;][vc_column width=&#8221;1\/6&#8243;][\/vc_column][vc_column width=&#8221;2\/3&#8243;][vc_column_text css=&#8221;.vc_custom_1598506227853{margin-bottom: 20px !important;}&#8221;] El Calendario Acad\u00e9mico 2020 &#8211; Modalidad Virtual fue aprobado por el Consejo Directivo FAyA, a trav\u00e9s de la Resoluci\u00f3n CD FAA 056\/2020 para el per\u00edodo agosto 2020, marzo 2021. Descargar la&#8230;<\/p>\n","protected":false},"author":2,"featured_media":24954,"parent":0,"menu_order":0,"comment_status":"closed","ping_status":"closed","template":"","meta":{"_mi_skip_tracking":false},"yoast_head":"<!-- This site is optimized with the Yoast SEO plugin v17.7.1 - https:\/\/yoast.com\/wordpress\/plugins\/seo\/ -->\n<meta name=\"description\" content=\"Descarg\u00e1 el Calendario Acad\u00e9mico 2020 de la Facultad de Agronom\u00eda y Agroindustrias UNSE. Tambi\u00e9n puedes acceder a su Resoluci\u00f3n FAA 065\/2020.\" \/>\n<meta name=\"robots\" content=\"index, follow, max-snippet:-1, max-image-preview:large, max-video-preview:-1\" \/>\n<link rel=\"canonical\" href=\"https:\/\/faya.unse.edu.ar\/index.php\/calendario-academico-faya-2020-modalidad-virtual\/\" \/>\n<meta property=\"og:locale\" content=\"es_ES\" \/>\n<meta property=\"og:type\" content=\"article\" \/>\n<meta property=\"og:title\" content=\"Calendario Acad\u00e9mico 2020 - Modalidad Virtual | Facultad de Agronom\u00eda y Agroindustrias UNSE | FAyA UNSE\" \/>\n<meta property=\"og:description\" content=\"Descarg\u00e1 el Calendario Acad\u00e9mico 2020 de la Facultad de Agronom\u00eda y Agroindustrias UNSE. Tambi\u00e9n puedes acceder a su Resoluci\u00f3n FAA 065\/2020.\" \/>\n<meta property=\"og:url\" content=\"https:\/\/faya.unse.edu.ar\/index.php\/calendario-academico-faya-2020-modalidad-virtual\/\" \/>\n<meta property=\"og:site_name\" content=\"Facultad de Agronom\u00eda y Agroindustrias UNSE | FAyA UNSE\" \/>\n<meta property=\"article:publisher\" content=\"https:\/\/www.facebook.com\/agroUNSE\/\" \/>\n<meta property=\"article:modified_time\" content=\"2020-08-27T07:29:45+00:00\" \/>\n<meta property=\"og:image\" content=\"https:\/\/faya.unse.edu.ar\/wp-content\/uploads\/calendario-academico-2020-modalidad-virtual.png\" \/>\n\t<meta property=\"og:image:width\" content=\"960\" \/>\n\t<meta property=\"og:image:height\" content=\"480\" \/>\n<meta name=\"twitter:card\" content=\"summary_large_image\" \/>\n<meta name=\"twitter:site\" content=\"@fayaunse\" \/>\n<meta name=\"twitter:label1\" content=\"Tiempo de lectura\" \/>\n\t<meta name=\"twitter:data1\" content=\"2 minutos\" \/>\n<script type=\"application\/ld+json\" class=\"yoast-schema-graph\">{\"@context\":\"https:\/\/schema.org\",\"@graph\":[{\"@type\":\"WebSite\",\"@id\":\"https:\/\/faya.unse.edu.ar\/#website\",\"url\":\"https:\/\/faya.unse.edu.ar\/\",\"name\":\"Facultad de Agronom\\u00eda y Agroindustrias UNSE | FAyA UNSE\",\"description\":\"\",\"potentialAction\":[{\"@type\":\"SearchAction\",\"target\":{\"@type\":\"EntryPoint\",\"urlTemplate\":\"https:\/\/faya.unse.edu.ar\/?s={search_term_string}\"},\"query-input\":\"required name=search_term_string\"}],\"inLanguage\":\"es-AR\"},{\"@type\":\"ImageObject\",\"@id\":\"https:\/\/faya.unse.edu.ar\/index.php\/calendario-academico-faya-2020-modalidad-virtual\/#primaryimage\",\"inLanguage\":\"es-AR\",\"url\":\"https:\/\/faya.unse.edu.ar\/wp-content\/uploads\/calendario-academico-2020-modalidad-virtual.png\",\"contentUrl\":\"https:\/\/faya.unse.edu.ar\/wp-content\/uploads\/calendario-academico-2020-modalidad-virtual.png\",\"width\":960,\"height\":480},{\"@type\":\"WebPage\",\"@id\":\"https:\/\/faya.unse.edu.ar\/index.php\/calendario-academico-faya-2020-modalidad-virtual\/#webpage\",\"url\":\"https:\/\/faya.unse.edu.ar\/index.php\/calendario-academico-faya-2020-modalidad-virtual\/\",\"name\":\"Calendario Acad\\u00e9mico 2020 - Modalidad Virtual | Facultad de Agronom\\u00eda y Agroindustrias UNSE | FAyA UNSE\",\"isPartOf\":{\"@id\":\"https:\/\/faya.unse.edu.ar\/#website\"},\"primaryImageOfPage\":{\"@id\":\"https:\/\/faya.unse.edu.ar\/index.php\/calendario-academico-faya-2020-modalidad-virtual\/#primaryimage\"},\"datePublished\":\"2020-08-27T06:02:47+00:00\",\"dateModified\":\"2020-08-27T07:29:45+00:00\",\"description\":\"Descarg\\u00e1 el Calendario Acad\\u00e9mico 2020 de la Facultad de Agronom\\u00eda y Agroindustrias UNSE. Tambi\\u00e9n puedes acceder a su Resoluci\\u00f3n FAA 065\/2020.\",\"breadcrumb\":{\"@id\":\"https:\/\/faya.unse.edu.ar\/index.php\/calendario-academico-faya-2020-modalidad-virtual\/#breadcrumb\"},\"inLanguage\":\"es-AR\",\"potentialAction\":[{\"@type\":\"ReadAction\",\"target\":[\"https:\/\/faya.unse.edu.ar\/index.php\/calendario-academico-faya-2020-modalidad-virtual\/\"]}]},{\"@type\":\"BreadcrumbList\",\"@id\":\"https:\/\/faya.unse.edu.ar\/index.php\/calendario-academico-faya-2020-modalidad-virtual\/#breadcrumb\",\"itemListElement\":[{\"@type\":\"ListItem\",\"position\":1,\"name\":\"Home\",\"item\":\"https:\/\/faya.unse.edu.ar\/\"},{\"@type\":\"ListItem\",\"position\":2,\"name\":\"Calendario Acad\\u00e9mico 2020 &#8211; Modalidad Virtual\"}]}]}<\/script>\n<!-- \/ Yoast SEO plugin. -->","yoast_head_json":{"description":"Descarg\u00e1 el Calendario Acad\u00e9mico 2020 de la Facultad de Agronom\u00eda y Agroindustrias UNSE. Tambi\u00e9n puedes acceder a su Resoluci\u00f3n FAA 065\/2020.","robots":{"index":"index","follow":"follow","max-snippet":"max-snippet:-1","max-image-preview":"max-image-preview:large","max-video-preview":"max-video-preview:-1"},"canonical":"https:\/\/faya.unse.edu.ar\/index.php\/calendario-academico-faya-2020-modalidad-virtual\/","og_locale":"es_ES","og_type":"article","og_title":"Calendario Acad\u00e9mico 2020 - Modalidad Virtual | Facultad de Agronom\u00eda y Agroindustrias UNSE | FAyA UNSE","og_description":"Descarg\u00e1 el Calendario Acad\u00e9mico 2020 de la Facultad de Agronom\u00eda y Agroindustrias UNSE. Tambi\u00e9n puedes acceder a su Resoluci\u00f3n FAA 065\/2020.","og_url":"https:\/\/faya.unse.edu.ar\/index.php\/calendario-academico-faya-2020-modalidad-virtual\/","og_site_name":"Facultad de Agronom\u00eda y Agroindustrias UNSE | FAyA UNSE","article_publisher":"https:\/\/www.facebook.com\/agroUNSE\/","article_modified_time":"2020-08-27T07:29:45+00:00","og_image":[{"width":960,"height":480,"url":"https:\/\/faya.unse.edu.ar\/wp-content\/uploads\/calendario-academico-2020-modalidad-virtual.png","type":"image\/png"}],"twitter_card":"summary_large_image","twitter_site":"@fayaunse","twitter_misc":{"Tiempo de lectura":"2 minutos"},"schema":{"@context":"https:\/\/schema.org","@graph":[{"@type":"WebSite","@id":"https:\/\/faya.unse.edu.ar\/#website","url":"https:\/\/faya.unse.edu.ar\/","name":"Facultad de Agronom\u00eda y Agroindustrias UNSE | FAyA UNSE","description":"","potentialAction":[{"@type":"SearchAction","target":{"@type":"EntryPoint","urlTemplate":"https:\/\/faya.unse.edu.ar\/?s={search_term_string}"},"query-input":"required name=search_term_string"}],"inLanguage":"es-AR"},{"@type":"ImageObject","@id":"https:\/\/faya.unse.edu.ar\/index.php\/calendario-academico-faya-2020-modalidad-virtual\/#primaryimage","inLanguage":"es-AR","url":"https:\/\/faya.unse.edu.ar\/wp-content\/uploads\/calendario-academico-2020-modalidad-virtual.png","contentUrl":"https:\/\/faya.unse.edu.ar\/wp-content\/uploads\/calendario-academico-2020-modalidad-virtual.png","width":960,"height":480},{"@type":"WebPage","@id":"https:\/\/faya.unse.edu.ar\/index.php\/calendario-academico-faya-2020-modalidad-virtual\/#webpage","url":"https:\/\/faya.unse.edu.ar\/index.php\/calendario-academico-faya-2020-modalidad-virtual\/","name":"Calendario Acad\u00e9mico 2020 - Modalidad Virtual | Facultad de Agronom\u00eda y Agroindustrias UNSE | FAyA UNSE","isPartOf":{"@id":"https:\/\/faya.unse.edu.ar\/#website"},"primaryImageOfPage":{"@id":"https:\/\/faya.unse.edu.ar\/index.php\/calendario-academico-faya-2020-modalidad-virtual\/#primaryimage"},"datePublished":"2020-08-27T06:02:47+00:00","dateModified":"2020-08-27T07:29:45+00:00","description":"Descarg\u00e1 el Calendario Acad\u00e9mico 2020 de la Facultad de Agronom\u00eda y Agroindustrias UNSE. Tambi\u00e9n puedes acceder a su Resoluci\u00f3n FAA 065\/2020.","breadcrumb":{"@id":"https:\/\/faya.unse.edu.ar\/index.php\/calendario-academico-faya-2020-modalidad-virtual\/#breadcrumb"},"inLanguage":"es-AR","potentialAction":[{"@type":"ReadAction","target":["https:\/\/faya.unse.edu.ar\/index.php\/calendario-academico-faya-2020-modalidad-virtual\/"]}]},{"@type":"BreadcrumbList","@id":"https:\/\/faya.unse.edu.ar\/index.php\/calendario-academico-faya-2020-modalidad-virtual\/#breadcrumb","itemListElement":[{"@type":"ListItem","position":1,"name":"Home","item":"https:\/\/faya.unse.edu.ar\/"},{"@type":"ListItem","position":2,"name":"Calendario Acad\u00e9mico 2020 &#8211; Modalidad Virtual"}]}]}},"_links":{"self":[{"href":"https:\/\/faya.unse.edu.ar\/index.php\/wp-json\/wp\/v2\/pages\/24946"}],"collection":[{"href":"https:\/\/faya.unse.edu.ar\/index.php\/wp-json\/wp\/v2\/pages"}],"about":[{"href":"https:\/\/faya.unse.edu.ar\/index.php\/wp-json\/wp\/v2\/types\/page"}],"author":[{"embeddable":true,"href":"https:\/\/faya.unse.edu.ar\/index.php\/wp-json\/wp\/v2\/users\/2"}],"replies":[{"embeddable":true,"href":"https:\/\/faya.unse.edu.ar\/index.php\/wp-json\/wp\/v2\/comments?post=24946"}],"version-history":[{"count":7,"href":"https:\/\/faya.unse.edu.ar\/index.php\/wp-json\/wp\/v2\/pages\/24946\/revisions"}],"predecessor-version":[{"id":24955,"href":"https:\/\/faya.unse.edu.ar\/index.php\/wp-json\/wp\/v2\/pages\/24946\/revisions\/24955"}],"wp:featuredmedia":[{"embeddable":true,"href":"https:\/\/faya.unse.edu.ar\/index.php\/wp-json\/wp\/v2\/media\/24954"}],"wp:attachment":[{"href":"https:\/\/faya.unse.edu.ar\/index.php\/wp-json\/wp\/v2\/media?parent=24946"}],"curies":[{"name":"wp","href":"https:\/\/api.w.org\/{rel}","templated":true}]}}