{"id":34093,"date":"2025-03-11T12:30:36","date_gmt":"2025-03-11T15:30:36","guid":{"rendered":"https:\/\/faya.unse.edu.ar\/?page_id=34093"},"modified":"2025-03-27T10:56:06","modified_gmt":"2025-03-27T13:56:06","slug":"proyectos-de-extension-2024","status":"publish","type":"page","link":"https:\/\/faya.unse.edu.ar\/index.php\/proyectos-de-extension-2024\/","title":{"rendered":"PROYECTOS DE EXTENSI\u00d3N 2024"},"content":{"rendered":"\t\t<div data-elementor-type=\"wp-page\" data-elementor-id=\"34093\" class=\"elementor elementor-34093\" data-elementor-settings=\"[]\">\n\t\t\t\t\t\t\t<div class=\"elementor-section-wrap\">\n\t\t\t\t\t\t\t<section class=\"elementor-section elementor-top-section elementor-element elementor-element-e0b6041 elementor-section-boxed elementor-section-height-default elementor-section-height-default\" data-id=\"e0b6041\" data-element_type=\"section\">\n\t\t\t\t\t\t<div class=\"elementor-container elementor-column-gap-default\">\n\t\t\t\t\t<div class=\"elementor-column elementor-col-100 elementor-top-column elementor-element elementor-element-53677c1\" data-id=\"53677c1\" data-element_type=\"column\">\n\t\t\t<div class=\"elementor-widget-wrap elementor-element-populated\">\n\t\t\t\t\t\t\t\t<div class=\"elementor-element elementor-element-f4ecc88 elementor-widget elementor-widget-text-editor\" data-id=\"f4ecc88\" data-element_type=\"widget\" data-widget_type=\"text-editor.default\">\n\t\t\t\t<div class=\"elementor-widget-container\">\n\t\t\t\t\t\t\t<table width=\"1061\"><tbody><tr><td width=\"228\">Nombre<\/td><td width=\"256\">Director<\/td><td width=\"144\">Resoluci\u00f3n\u00a0<\/td><td width=\"163\">Per\u00edodo de Ejecuci\u00f3n\u00a0<\/td><td width=\"189\">Financiamiento<\/td><td width=\"81\">Tipo<\/td><\/tr><tr><td width=\"228\">Entre la diversidad y la singularidad: cr\u00eda de abejas nativas sin aguij\u00f3n para la inclusi\u00f3n laboral de j\u00f3venes neurodiversos<\/td><td>Dra. Gabriela Cilla<\/td><td>Res FAA 545\/2024<\/td><td>junio- noviembre de 2024<\/td><td width=\"189\">Resoluci\u00f3n Rectoral N\u00b0 239\/2024 de Financiamiento\u00a0 Convocatoria SEU &#8211; UNSE 2024 y Resoluci\u00f3n Rectoral\u00a0 N\u00b0 577\/2024 de n\u00f3mina de proyectos aprobados<\/td><td>Extensi\u00f3n\u00a0<\/td><\/tr><tr><td width=\"228\">Trabajo participativo para el registro y habilitaci\u00f3n de establecimientos caprinos en establecimiento perteneciente a la Agricultura Familiar en Santiago del estero<\/td><td>Dra. Florencia Frau<\/td><td>Res FAA 548\/2024<\/td><td>junio- noviembre de 2024<\/td><td width=\"189\">Resoluci\u00f3n Rectoral N\u00b0 239\/2024 de Financiamiento\u00a0 Convocatoria SEU &#8211; UNSE 2024 y Resoluci\u00f3n Rectoral\u00a0 N\u00b0 577\/2024 de n\u00f3mina de proyectos aprobados<\/td><td>Extensi\u00f3n\u00a0<\/td><\/tr><tr><td width=\"228\">Conociendo los cultivos de cobertura, potencialidades para los productores<\/td><td>Ing. Agr. Cristian Maldonado<\/td><td>Res FAA 547\/2024<\/td><td>junio- noviembre de 2024<\/td><td width=\"189\">Resoluci\u00f3n Rectoral N\u00b0 239\/2024 de Financiamiento\u00a0 Convocatoria SEU &#8211; UNSE 2024 y Resoluci\u00f3n Rectoral\u00a0 N\u00b0 577\/2024 de n\u00f3mina de proyectos aprobados<\/td><td>Extensi\u00f3n\u00a0<\/td><\/tr><tr><td width=\"228\">Saberes, sabores y salud: un camino hacia la curricularizaci\u00f3n de la extensi\u00f3n<\/td><td>Dra. Yanina Bustos<\/td><td>Res FAA 549\/2024<\/td><td>junio- noviembre de 2024<\/td><td width=\"189\">Resoluci\u00f3n Rectoral N\u00b0 239\/2024 de Financiamiento\u00a0 Convocatoria SEU &#8211; UNSE 2024 y Resoluci\u00f3n Rectoral\u00a0 N\u00b0 577\/2024 de n\u00f3mina de proyectos aprobados<\/td><td>Extensi\u00f3n\u00a0<\/td><\/tr><tr><td width=\"228\">Plataforma Universidad- Sociedad para el aseguramiento de la calidadanal\u00edtica de extractos de Cannabis para uso fitoter\u00e1pico<\/td><td>Dr. Eduardo Mor\u00e1n Vieyra<\/td><td>Res FAA 546\/2024<\/td><td>junio- noviembre de 2024<\/td><td width=\"189\">Resoluci\u00f3n Rectoral N\u00b0 239\/2024 de Financiamiento\u00a0 Convocatoria SEU &#8211; UNSE 2024 y Resoluci\u00f3n Rectoral\u00a0 N\u00b0 577\/2024 de n\u00f3mina de proyectos aprobados<\/td><td>Extensi\u00f3n\u00a0<\/td><\/tr><tr><td width=\"228\">Aprovechamiento Integral Solidario y Sustentable de remanentes y descartes de frutas, hortalizas y granos en beneficio de sectores vulnerables<\/td><td>Dra. Myriam Villarreal<\/td><td>Res FAA 470\/2024<\/td><td>junio- noviembre de 2024<\/td><td width=\"189\">Resoluci\u00f3n Rectoral N\u00b0 239\/2024 de Financiamiento\u00a0 Convocatoria SEU &#8211; UNSE 2024 y Resoluci\u00f3n Rectoral\u00a0 N\u00b0 577\/2024 de n\u00f3mina de proyectos aprobados<\/td><td>Extensi\u00f3n\u00a0<\/td><\/tr><tr><td width=\"228\">El Compostaje como estrategia pedag\u00f3gica: un enfoque desde la Educaci\u00f3n Ambiental\u00a0<\/td><td>Dra. Ver\u00f3nica Paz Zanini<\/td><td>Res FAA 461\/2024<\/td><td>junio- noviembre de 2024<\/td><td width=\"189\">Resoluci\u00f3n Rectoral N\u00b0 239\/2024 de Financiamiento\u00a0 Convocatoria SEU &#8211; UNSE 2024 y Resoluci\u00f3n Rectoral\u00a0 N\u00b0 577\/2024 de n\u00f3mina de proyectos aprobados<\/td><td>Extensi\u00f3n\u00a0<\/td><\/tr><\/tbody><\/table>\t\t\t\t\t\t<\/div>\n\t\t\t\t<\/div>\n\t\t\t\t\t<\/div>\n\t\t<\/div>\n\t\t\t\t\t\t\t<\/div>\n\t\t<\/section>\n\t\t\t\t<section class=\"elementor-section elementor-top-section elementor-element elementor-element-48f684e elementor-section-boxed elementor-section-height-default elementor-section-height-default\" data-id=\"48f684e\" data-element_type=\"section\">\n\t\t\t\t\t\t<div class=\"elementor-container elementor-column-gap-default\">\n\t\t\t\t\t<div class=\"elementor-column elementor-col-100 elementor-top-column elementor-element elementor-element-853b757\" data-id=\"853b757\" data-element_type=\"column\">\n\t\t\t<div class=\"elementor-widget-wrap elementor-element-populated\">\n\t\t\t\t\t\t\t\t<section class=\"elementor-section elementor-inner-section elementor-element elementor-element-fb2e306 elementor-section-boxed elementor-section-height-default elementor-section-height-default\" data-id=\"fb2e306\" data-element_type=\"section\">\n\t\t\t\t\t\t<div class=\"elementor-container elementor-column-gap-default\">\n\t\t\t\t\t<div class=\"elementor-column elementor-col-50 elementor-inner-column elementor-element elementor-element-d47b9b5\" data-id=\"d47b9b5\" data-element_type=\"column\">\n\t\t\t<div class=\"elementor-widget-wrap\">\n\t\t\t\t\t\t\t\t\t<\/div>\n\t\t<\/div>\n\t\t\t\t<div class=\"elementor-column elementor-col-50 elementor-inner-column elementor-element elementor-element-36f3603\" data-id=\"36f3603\" data-element_type=\"column\">\n\t\t\t<div class=\"elementor-widget-wrap elementor-element-populated\">\n\t\t\t\t\t\t\t\t<div class=\"elementor-element elementor-element-cc92905 elementor-align-right elementor-widget elementor-widget-button\" data-id=\"cc92905\" data-element_type=\"widget\" data-widget_type=\"button.default\">\n\t\t\t\t<div class=\"elementor-widget-container\">\n\t\t\t\t\t<div class=\"elementor-button-wrapper\">\n\t\t\t<a href=\"https:\/\/faya.unse.edu.ar\/index.php\/proyectos-de-extension\/\" class=\"elementor-button-link elementor-button elementor-size-sm\" role=\"button\">\n\t\t\t\t\t\t<span class=\"elementor-button-content-wrapper\">\n\t\t\t\t\t\t<span class=\"elementor-button-text\">Volver a Proyectos<\/span>\n\t\t<\/span>\n\t\t\t\t\t<\/a>\n\t\t<\/div>\n\t\t\t\t<\/div>\n\t\t\t\t<\/div>\n\t\t\t\t\t<\/div>\n\t\t<\/div>\n\t\t\t\t\t\t\t<\/div>\n\t\t<\/section>\n\t\t\t\t\t<\/div>\n\t\t<\/div>\n\t\t\t\t\t\t\t<\/div>\n\t\t<\/section>\n\t\t\t\t\t\t<\/div>\n\t\t\t\t\t<\/div>\n\t\t","protected":false},"excerpt":{"rendered":"<p>Nombre Director Resoluci\u00f3n\u00a0 Per\u00edodo de Ejecuci\u00f3n\u00a0 Financiamiento Tipo Entre la diversidad y la singularidad: cr\u00eda de abejas nativas sin aguij\u00f3n para la inclusi\u00f3n laboral de j\u00f3venes neurodiversos Dra. Gabriela Cilla Res FAA 545\/2024 junio- noviembre de 2024 Resoluci\u00f3n Rectoral N\u00b0 239\/2024 de Financiamiento\u00a0 Convocatoria SEU&#8230;<\/p>\n","protected":false},"author":5,"featured_media":0,"parent":0,"menu_order":0,"comment_status":"closed","ping_status":"closed","template":"","meta":{"_mi_skip_tracking":false},"yoast_head":"<!-- This site is optimized with the Yoast SEO plugin v17.7.1 - https:\/\/yoast.com\/wordpress\/plugins\/seo\/ -->\n<meta name=\"robots\" content=\"index, follow, max-snippet:-1, max-image-preview:large, max-video-preview:-1\" \/>\n<link rel=\"canonical\" href=\"https:\/\/faya.unse.edu.ar\/index.php\/proyectos-de-extension-2024\/\" \/>\n<meta property=\"og:locale\" content=\"es_ES\" \/>\n<meta property=\"og:type\" content=\"article\" \/>\n<meta property=\"og:title\" content=\"PROYECTOS DE EXTENSI\u00d3N 2024 | Facultad de Agronom\u00eda y Agroindustrias UNSE | FAyA UNSE\" \/>\n<meta property=\"og:description\" content=\"Nombre Director Resoluci\u00f3n\u00a0 Per\u00edodo de Ejecuci\u00f3n\u00a0 Financiamiento Tipo Entre la diversidad y la singularidad: cr\u00eda de abejas nativas sin aguij\u00f3n para la inclusi\u00f3n laboral de j\u00f3venes neurodiversos Dra. Gabriela Cilla Res FAA 545\/2024 junio- noviembre de 2024 Resoluci\u00f3n Rectoral N\u00b0 239\/2024 de Financiamiento\u00a0 Convocatoria SEU...\" \/>\n<meta property=\"og:url\" content=\"https:\/\/faya.unse.edu.ar\/index.php\/proyectos-de-extension-2024\/\" \/>\n<meta property=\"og:site_name\" content=\"Facultad de Agronom\u00eda y Agroindustrias UNSE | FAyA UNSE\" \/>\n<meta property=\"article:publisher\" content=\"https:\/\/www.facebook.com\/agroUNSE\/\" \/>\n<meta property=\"article:modified_time\" content=\"2025-03-27T13:56:06+00:00\" \/>\n<meta name=\"twitter:card\" content=\"summary_large_image\" \/>\n<meta name=\"twitter:site\" content=\"@fayaunse\" \/>\n<meta name=\"twitter:label1\" content=\"Tiempo de lectura\" \/>\n\t<meta name=\"twitter:data1\" content=\"2 minutos\" \/>\n<script type=\"application\/ld+json\" class=\"yoast-schema-graph\">{\"@context\":\"https:\/\/schema.org\",\"@graph\":[{\"@type\":\"WebSite\",\"@id\":\"https:\/\/faya.unse.edu.ar\/#website\",\"url\":\"https:\/\/faya.unse.edu.ar\/\",\"name\":\"Facultad de Agronom\\u00eda y Agroindustrias UNSE | FAyA UNSE\",\"description\":\"\",\"potentialAction\":[{\"@type\":\"SearchAction\",\"target\":{\"@type\":\"EntryPoint\",\"urlTemplate\":\"https:\/\/faya.unse.edu.ar\/?s={search_term_string}\"},\"query-input\":\"required name=search_term_string\"}],\"inLanguage\":\"es-AR\"},{\"@type\":\"WebPage\",\"@id\":\"https:\/\/faya.unse.edu.ar\/index.php\/proyectos-de-extension-2024\/#webpage\",\"url\":\"https:\/\/faya.unse.edu.ar\/index.php\/proyectos-de-extension-2024\/\",\"name\":\"PROYECTOS DE EXTENSI\\u00d3N 2024 | Facultad de Agronom\\u00eda y Agroindustrias UNSE | FAyA UNSE\",\"isPartOf\":{\"@id\":\"https:\/\/faya.unse.edu.ar\/#website\"},\"datePublished\":\"2025-03-11T15:30:36+00:00\",\"dateModified\":\"2025-03-27T13:56:06+00:00\",\"breadcrumb\":{\"@id\":\"https:\/\/faya.unse.edu.ar\/index.php\/proyectos-de-extension-2024\/#breadcrumb\"},\"inLanguage\":\"es-AR\",\"potentialAction\":[{\"@type\":\"ReadAction\",\"target\":[\"https:\/\/faya.unse.edu.ar\/index.php\/proyectos-de-extension-2024\/\"]}]},{\"@type\":\"BreadcrumbList\",\"@id\":\"https:\/\/faya.unse.edu.ar\/index.php\/proyectos-de-extension-2024\/#breadcrumb\",\"itemListElement\":[{\"@type\":\"ListItem\",\"position\":1,\"name\":\"Home\",\"item\":\"https:\/\/faya.unse.edu.ar\/\"},{\"@type\":\"ListItem\",\"position\":2,\"name\":\"PROYECTOS DE EXTENSI\\u00d3N 2024\"}]}]}<\/script>\n<!-- \/ Yoast SEO plugin. -->","yoast_head_json":{"robots":{"index":"index","follow":"follow","max-snippet":"max-snippet:-1","max-image-preview":"max-image-preview:large","max-video-preview":"max-video-preview:-1"},"canonical":"https:\/\/faya.unse.edu.ar\/index.php\/proyectos-de-extension-2024\/","og_locale":"es_ES","og_type":"article","og_title":"PROYECTOS DE EXTENSI\u00d3N 2024 | Facultad de Agronom\u00eda y Agroindustrias UNSE | FAyA UNSE","og_description":"Nombre Director Resoluci\u00f3n\u00a0 Per\u00edodo de Ejecuci\u00f3n\u00a0 Financiamiento Tipo Entre la diversidad y la singularidad: cr\u00eda de abejas nativas sin aguij\u00f3n para la inclusi\u00f3n laboral de j\u00f3venes neurodiversos Dra. Gabriela Cilla Res FAA 545\/2024 junio- noviembre de 2024 Resoluci\u00f3n Rectoral N\u00b0 239\/2024 de Financiamiento\u00a0 Convocatoria SEU...","og_url":"https:\/\/faya.unse.edu.ar\/index.php\/proyectos-de-extension-2024\/","og_site_name":"Facultad de Agronom\u00eda y Agroindustrias UNSE | FAyA UNSE","article_publisher":"https:\/\/www.facebook.com\/agroUNSE\/","article_modified_time":"2025-03-27T13:56:06+00:00","twitter_card":"summary_large_image","twitter_site":"@fayaunse","twitter_misc":{"Tiempo de lectura":"2 minutos"},"schema":{"@context":"https:\/\/schema.org","@graph":[{"@type":"WebSite","@id":"https:\/\/faya.unse.edu.ar\/#website","url":"https:\/\/faya.unse.edu.ar\/","name":"Facultad de Agronom\u00eda y Agroindustrias UNSE | FAyA UNSE","description":"","potentialAction":[{"@type":"SearchAction","target":{"@type":"EntryPoint","urlTemplate":"https:\/\/faya.unse.edu.ar\/?s={search_term_string}"},"query-input":"required name=search_term_string"}],"inLanguage":"es-AR"},{"@type":"WebPage","@id":"https:\/\/faya.unse.edu.ar\/index.php\/proyectos-de-extension-2024\/#webpage","url":"https:\/\/faya.unse.edu.ar\/index.php\/proyectos-de-extension-2024\/","name":"PROYECTOS DE EXTENSI\u00d3N 2024 | Facultad de Agronom\u00eda y Agroindustrias UNSE | FAyA UNSE","isPartOf":{"@id":"https:\/\/faya.unse.edu.ar\/#website"},"datePublished":"2025-03-11T15:30:36+00:00","dateModified":"2025-03-27T13:56:06+00:00","breadcrumb":{"@id":"https:\/\/faya.unse.edu.ar\/index.php\/proyectos-de-extension-2024\/#breadcrumb"},"inLanguage":"es-AR","potentialAction":[{"@type":"ReadAction","target":["https:\/\/faya.unse.edu.ar\/index.php\/proyectos-de-extension-2024\/"]}]},{"@type":"BreadcrumbList","@id":"https:\/\/faya.unse.edu.ar\/index.php\/proyectos-de-extension-2024\/#breadcrumb","itemListElement":[{"@type":"ListItem","position":1,"name":"Home","item":"https:\/\/faya.unse.edu.ar\/"},{"@type":"ListItem","position":2,"name":"PROYECTOS DE EXTENSI\u00d3N 2024"}]}]}},"_links":{"self":[{"href":"https:\/\/faya.unse.edu.ar\/index.php\/wp-json\/wp\/v2\/pages\/34093"}],"collection":[{"href":"https:\/\/faya.unse.edu.ar\/index.php\/wp-json\/wp\/v2\/pages"}],"about":[{"href":"https:\/\/faya.unse.edu.ar\/index.php\/wp-json\/wp\/v2\/types\/page"}],"author":[{"embeddable":true,"href":"https:\/\/faya.unse.edu.ar\/index.php\/wp-json\/wp\/v2\/users\/5"}],"replies":[{"embeddable":true,"href":"https:\/\/faya.unse.edu.ar\/index.php\/wp-json\/wp\/v2\/comments?post=34093"}],"version-history":[{"count":10,"href":"https:\/\/faya.unse.edu.ar\/index.php\/wp-json\/wp\/v2\/pages\/34093\/revisions"}],"predecessor-version":[{"id":34254,"href":"https:\/\/faya.unse.edu.ar\/index.php\/wp-json\/wp\/v2\/pages\/34093\/revisions\/34254"}],"wp:attachment":[{"href":"https:\/\/faya.unse.edu.ar\/index.php\/wp-json\/wp\/v2\/media?parent=34093"}],"curies":[{"name":"wp","href":"https:\/\/api.w.org\/{rel}","templated":true}]}}