{"id":34159,"date":"2025-03-21T11:22:55","date_gmt":"2025-03-21T14:22:55","guid":{"rendered":"https:\/\/faya.unse.edu.ar\/?page_id=34159"},"modified":"2025-03-21T11:38:50","modified_gmt":"2025-03-21T14:38:50","slug":"programa-de-posdoctorado","status":"publish","type":"page","link":"https:\/\/faya.unse.edu.ar\/index.php\/programa-de-posdoctorado\/","title":{"rendered":"Programa de Posdoctorado"},"content":{"rendered":"\t\t<div data-elementor-type=\"wp-page\" data-elementor-id=\"34159\" class=\"elementor elementor-34159\" data-elementor-settings=\"[]\">\n\t\t\t\t\t\t\t<div class=\"elementor-section-wrap\">\n\t\t\t\t\t\t\t<section class=\"elementor-section elementor-top-section elementor-element elementor-element-70b3141 elementor-section-boxed elementor-section-height-default elementor-section-height-default\" data-id=\"70b3141\" data-element_type=\"section\">\n\t\t\t\t\t\t<div class=\"elementor-container elementor-column-gap-default\">\n\t\t\t\t\t<div class=\"elementor-column elementor-col-100 elementor-top-column elementor-element elementor-element-bbfe180\" data-id=\"bbfe180\" data-element_type=\"column\">\n\t\t\t<div class=\"elementor-widget-wrap elementor-element-populated\">\n\t\t\t\t\t\t\t\t<section class=\"elementor-section elementor-inner-section elementor-element elementor-element-359b45e elementor-section-boxed elementor-section-height-default elementor-section-height-default\" data-id=\"359b45e\" data-element_type=\"section\">\n\t\t\t\t\t\t<div class=\"elementor-container elementor-column-gap-default\">\n\t\t\t\t\t<div class=\"elementor-column elementor-col-50 elementor-inner-column elementor-element elementor-element-93f1963\" data-id=\"93f1963\" data-element_type=\"column\">\n\t\t\t<div class=\"elementor-widget-wrap elementor-element-populated\">\n\t\t\t\t\t\t\t\t<div class=\"elementor-element elementor-element-f846c16 elementor-widget elementor-widget-image\" data-id=\"f846c16\" data-element_type=\"widget\" data-widget_type=\"image.default\">\n\t\t\t\t<div class=\"elementor-widget-container\">\n\t\t\t\t\t\t\t\t\t\t\t\t\t\t\t<img src=\"https:\/\/faya.unse.edu.ar\/wp-content\/uploads\/elementor\/thumbs\/posdoc-03-r36u5lbn2rlmfodi6um8ci9oaa0e43cxed70udaj6a.png\" title=\"posdoc-03\" alt=\"posdoc-03\" \/>\t\t\t\t\t\t\t\t\t\t\t\t\t\t\t<\/div>\n\t\t\t\t<\/div>\n\t\t\t\t<div class=\"elementor-element elementor-element-797ea31 elementor-widget elementor-widget-text-editor\" data-id=\"797ea31\" data-element_type=\"widget\" data-widget_type=\"text-editor.default\">\n\t\t\t\t<div class=\"elementor-widget-container\">\n\t\t\t\t\t\t\t<p><strong>PARA MAS INFORMACI\u00d3N, CONSULTAR LA<br \/><a href=\"https:\/\/drive.google.com\/file\/d\/1AtBCSSLu1JujHdwAwBJJc9GAJLSQPXut\/view?usp=drive_link\">RESOLUCI\u00d3N CDFAA N\u00ba 282\/2024\u00a0 (clic aqu\u00ed)<\/a><\/strong><\/p><p>\u00a0<\/p><p><strong>O CONSULTAR AL CORREO secretariaposgradofaya@gmail.com<\/strong><\/p>\t\t\t\t\t\t<\/div>\n\t\t\t\t<\/div>\n\t\t\t\t\t<\/div>\n\t\t<\/div>\n\t\t\t\t<div class=\"elementor-column elementor-col-50 elementor-inner-column elementor-element elementor-element-dcd21af\" data-id=\"dcd21af\" data-element_type=\"column\">\n\t\t\t<div class=\"elementor-widget-wrap elementor-element-populated\">\n\t\t\t\t\t\t\t\t<div class=\"elementor-element elementor-element-76bb3b0 elementor-widget elementor-widget-text-editor\" data-id=\"76bb3b0\" data-element_type=\"widget\" data-widget_type=\"text-editor.default\">\n\t\t\t\t<div class=\"elementor-widget-container\">\n\t\t\t\t\t\t\t<p>Desde su creaci\u00f3n a inicios de 2019, la Secretar\u00eda de Posgrado tiene como prop\u00f3sito potenciar, enriquecer y diversificar la formaci\u00f3n de Posgrado que brinda la Facultad de Agronom\u00eda y Agroindustrias (FAyA). Por ello, se ha implementado una pol\u00edtica institucional abierta a las necesidades emergentes, sensible a los nuevos desaf\u00edos y comprometida con la excelencia acad\u00e9mica.\u00a0 Gracias a este enfoque, durante estos a\u00f1os de trabajo, se han obtenido logros importantes; por ejemplo:<\/p><ul><li>Acreditaci\u00f3n de todas las carreras de posgrado que ofrece la Facultad.<\/li><li>Creaci\u00f3n y Funcionamiento del Consejo de Posgrado.<\/li><li>Participaci\u00f3n peri\u00f3dica en el Consejo de Posgrado de la Universidad Nacional de Santiago del Estero (UNSE).<\/li><li>Creaci\u00f3n del programa de Becas de Posgrado para Docentes de la FAyA.<\/li><li>Creaci\u00f3n de la Biblioteca Electr\u00f3nica de Posgrado.<\/li><li>Reglamentaci\u00f3n para el dictado de cursos de posgrado en formato remoto sincr\u00f3nico, de acuerdo a las exigencias de CONEAU.<\/li><li>Reglamentaci\u00f3n para defensa de tesis h\u00edbridas y reuniones de Comisiones de Seguimiento.<\/li><li>Reglamentaci\u00f3n para la presentaci\u00f3n de tesis en formato exclusivamente digital.<\/li><li>Creaci\u00f3n del m\u00f3dulo para gesti\u00f3n on-line de cursos, entre otros.<\/li><\/ul><p>En esta b\u00fasqueda continua de innovaci\u00f3n y consolidaci\u00f3n de propuestas, surge la necesidad de presentar este <strong>Programa de Posdoctorado<\/strong> de la Facultad de Agronom\u00eda y Agroindustrias como una continuaci\u00f3n de la propuesta acad\u00e9mica existente en el \u00e1rea.<\/p><p>El programa busca la creaci\u00f3n de oportunidades para que investigadores que ya hayan obtenido su doctorado mejoren su preparaci\u00f3n general y sus capacidades de investigaci\u00f3n y desarrollen mayor autonom\u00eda para realizar investigaci\u00f3n y publicaciones acad\u00e9micas, mediante la ejecuci\u00f3n de actividades en el marco de un programa sistematizado y con la posibilidad de obtener la certificaci\u00f3n de las actividades de posdoctorado realizadas.<\/p>\t\t\t\t\t\t<\/div>\n\t\t\t\t<\/div>\n\t\t\t\t<div class=\"elementor-element elementor-element-f5176da elementor-widget elementor-widget-accordion\" data-id=\"f5176da\" data-element_type=\"widget\" data-widget_type=\"accordion.default\">\n\t\t\t\t<div class=\"elementor-widget-container\">\n\t\t\t\t\t<div class=\"elementor-accordion\" role=\"tablist\">\n\t\t\t\t\t\t\t<div class=\"elementor-accordion-item\">\n\t\t\t\t\t<div id=\"elementor-tab-title-2561\" class=\"elementor-tab-title\" data-tab=\"1\" role=\"tab\" aria-controls=\"elementor-tab-content-2561\" aria-expanded=\"false\">\n\t\t\t\t\t\t\t\t\t\t\t\t\t<span class=\"elementor-accordion-icon elementor-accordion-icon-left\" aria-hidden=\"true\">\n\t\t\t\t\t\t\t\t\t\t\t\t\t\t\t<span class=\"elementor-accordion-icon-closed\"><i class=\"fas fa-plus\"><\/i><\/span>\n\t\t\t\t\t\t\t\t<span class=\"elementor-accordion-icon-opened\"><i class=\"fas fa-minus\"><\/i><\/span>\n\t\t\t\t\t\t\t\t\t\t\t\t\t\t<\/span>\n\t\t\t\t\t\t\t\t\t\t\t\t<a class=\"elementor-accordion-title\" href=\"\">Fundamentaci\u00f3n<\/a>\n\t\t\t\t\t<\/div>\n\t\t\t\t\t<div id=\"elementor-tab-content-2561\" class=\"elementor-tab-content elementor-clearfix\" data-tab=\"1\" role=\"tabpanel\" aria-labelledby=\"elementor-tab-title-2561\"><p>La Facultad de Agronom\u00eda y Agroindustrias actualmente con 3 (tres) doctorados dentro de su oferta acad\u00e9mica de posgrado: Doctorado en Ciencia y Tecnolog\u00eda de los Alimentos, carrera acreditada por 6 (seis) a\u00f1os con categor\u00eda A; Doctorado en Ciencias Agron\u00f3micas, acreditada por 6 (seis) a\u00f1os con categor\u00eda C y Doctorado en Ciencia y Tecnolog\u00eda, \u00faltima carrera creada, que cuenta con Resoluci\u00f3n Ministerial de reconocimiento de t\u00edtulo.<\/p><p>Actualmente el 59% de docentes de la FAyA han alcanzado el grado acad\u00e9mico de Doctor, el 33% se encuentra en condiciones de realizar un posdoctorado y el 12% de los docentes se encuentra actualmente inscripto en un doctorado. Esta situaci\u00f3n representa una gran fortaleza en el cuerpo docente y ha generado un inter\u00e9s en la continuaci\u00f3n de la carrera acad\u00e9mica, mediante estancias posdoctorales.<\/p><p>Otro aspecto a tener en cuenta es que un buen porcentaje de inscriptos en las carreras de Doctorado son profesionales que acceden a becas otorgadas por el Consejo Nacional de Investigaciones Cient\u00edficas y T\u00e9cnicas (CONICET), y que una vez alcanzado el grado acad\u00e9mico de doctor, contin\u00faan su carrera con instancias posdoctorales. Es as\u00ed que actualmente los diferentes grupos reciben Doctores que realizan estancias de investigaci\u00f3n posdoctorales y que encontrar\u00edan en esta propuesta la posibilidad de incorporarse a un programa sistematizado con entrega de certificaciones.<\/p><p>El presente Programa de Posdoctorado consiste en un ciclo de profundizaci\u00f3n destinado a quienes ya cuentan con un t\u00edtulo de Doctor, promoviendo el intercambio de alto nivel y actividades vinculadas a la ciencia, tecnolog\u00eda y extensi\u00f3n. Tiene por finalidad dar forma y articular las actividades posdoctorales que se realizan en el \u00e1mbito de esta Unidad Acad\u00e9mica e Institutos de doble dependencia UNSE-CONICET y crear nuevos espacios de investigaci\u00f3n y formaci\u00f3n para quienes hayan completado el grado m\u00e1ximo dentro del sistema universitario.<\/p><p>Con esta iniciativa se propone, asimismo, incentivar y facilitar la elecci\u00f3n y\/o radicaci\u00f3n de investigadores y docentes nacionales e internacionales con inter\u00e9s en llevar a cabo una estancia de investigaci\u00f3n acad\u00e9mica posdoctoral en nuestra Facultad y acreditar estudios de posdoctorado mediante una propuesta sistematizada y reconocida.<\/p><p>Tanto los Institutos de Investigaci\u00f3n pertenecientes a la FAyA como las Unidades de doble dependencia UNSE-CONICET cuentan actualmente con la infraestructura y personal capacitado que permitir\u00edan recibir a doctores interesados en la realizaci\u00f3n de estudios posdoctorales en estos \u00e1mbitos, lo que significa una oportunidad de crecimiento tanto para los grupos de investigaci\u00f3n anfitriones como para los profesionales e instituciones involucradas.<\/p><p>Por su car\u00e1cter interdisciplinario, el Programa puede satisfacer el inter\u00e9s de doctores comprometidos con la investigaci\u00f3n y la docencia universitaria desde diversos campos del saber. Tanto la FAyA como los Institutos de doble dependencia UNSE-CONICET cuentan con referentes nacionales e internacionales en las \u00e1reas de conocimiento de incumbencia, as\u00ed como una oferta nutrida y jerarquizada de centros y grupos de investigaci\u00f3n y de carreras de posgrado que garantizan la vinculaci\u00f3n de los aspirantes a una propuesta de excelencia y calidad. El Programa permitir\u00e1 a doctores de la UNSE y otras instituciones realizar estudios de posdoctorado, fomentando el intercambio en equipos de investigaci\u00f3n diferentes a su grupo de origen.<\/p><p>Actualmente no existe en la FAyA ni en la Universidad Nacional de Santiago del Estero un Programa de Posdoctorado sistematizado que permita la convalidaci\u00f3n de las actividades realizadas en el marco de una propuesta institucional; por lo que el Programa de Posdoctorado de la FAyA se constituye en la primera propuesta institucionalizada de Posdoctorado en la Universidad Nacional de Santiago del Estero.<\/p><p>En virtud de la realidad descripta <em>ut supra<\/em>, resulta de inter\u00e9s para la FAyA dise\u00f1ar un programa que permita la sistematizaci\u00f3n de las ofertas posdoctorales.<\/p><\/div>\n\t\t\t\t<\/div>\n\t\t\t\t\t\t\t<div class=\"elementor-accordion-item\">\n\t\t\t\t\t<div id=\"elementor-tab-title-2562\" class=\"elementor-tab-title\" data-tab=\"2\" role=\"tab\" aria-controls=\"elementor-tab-content-2562\" aria-expanded=\"false\">\n\t\t\t\t\t\t\t\t\t\t\t\t\t<span class=\"elementor-accordion-icon elementor-accordion-icon-left\" aria-hidden=\"true\">\n\t\t\t\t\t\t\t\t\t\t\t\t\t\t\t<span class=\"elementor-accordion-icon-closed\"><i class=\"fas fa-plus\"><\/i><\/span>\n\t\t\t\t\t\t\t\t<span class=\"elementor-accordion-icon-opened\"><i class=\"fas fa-minus\"><\/i><\/span>\n\t\t\t\t\t\t\t\t\t\t\t\t\t\t<\/span>\n\t\t\t\t\t\t\t\t\t\t\t\t<a class=\"elementor-accordion-title\" href=\"\">Objetivos<\/a>\n\t\t\t\t\t<\/div>\n\t\t\t\t\t<div id=\"elementor-tab-content-2562\" class=\"elementor-tab-content elementor-clearfix\" data-tab=\"2\" role=\"tabpanel\" aria-labelledby=\"elementor-tab-title-2562\"><p><strong>Objetivo General<\/strong><\/p><p>El Programa de Posdoctorado de la Facultad de Agronom\u00eda y Agroindustrias tiene la finalidad de generar un espacio institucional para aquellos profesionales que hayan cumplido la etapa de formaci\u00f3n del doctorado y decidan continuar, complementar y profundizar su formaci\u00f3n cient\u00edfica en las \u00e1reas de las Ciencias Qu\u00edmicas, Biol\u00f3gicas, Bioqu\u00edmica, Biotecnolog\u00eda, Ciencias Agropecuarias y afines y de las Ingenier\u00edas y Tecnolog\u00edas en el marco institucional de la FAyA, otorgando, a quienes cumplan las condiciones establecidas en el programa, el reconocimiento de la estancia posdoctoral.<\/p><p><strong>Objetivos espec\u00edficos<\/strong><\/p><ol><li>Generar un espacio institucional para la participaci\u00f3n de Doctores, que contribuya a la construcci\u00f3n de conocimiento en las \u00e1reas disciplinares desde la FAyA.<\/li><li>Incorporar nuevas l\u00edneas de investigaci\u00f3n y consolidar las existentes.<\/li><li>Promover la divulgaci\u00f3n y transferencia de los resultados de investigaci\u00f3n en el \u00e1mbito acad\u00e9mico, en instancias de grado y posgrado.<\/li><\/ol><p>Otorgar a los participantes la certificaci\u00f3n correspondiente a las actividades de posdoctorado, una vez concluidas las exigencias del Programa<\/p><\/div>\n\t\t\t\t<\/div>\n\t\t\t\t\t\t\t<div class=\"elementor-accordion-item\">\n\t\t\t\t\t<div id=\"elementor-tab-title-2563\" class=\"elementor-tab-title\" data-tab=\"3\" role=\"tab\" aria-controls=\"elementor-tab-content-2563\" aria-expanded=\"false\">\n\t\t\t\t\t\t\t\t\t\t\t\t\t<span class=\"elementor-accordion-icon elementor-accordion-icon-left\" aria-hidden=\"true\">\n\t\t\t\t\t\t\t\t\t\t\t\t\t\t\t<span class=\"elementor-accordion-icon-closed\"><i class=\"fas fa-plus\"><\/i><\/span>\n\t\t\t\t\t\t\t\t<span class=\"elementor-accordion-icon-opened\"><i class=\"fas fa-minus\"><\/i><\/span>\n\t\t\t\t\t\t\t\t\t\t\t\t\t\t<\/span>\n\t\t\t\t\t\t\t\t\t\t\t\t<a class=\"elementor-accordion-title\" href=\"\">Convocatoria<\/a>\n\t\t\t\t\t<\/div>\n\t\t\t\t\t<div id=\"elementor-tab-content-2563\" class=\"elementor-tab-content elementor-clearfix\" data-tab=\"3\" role=\"tabpanel\" aria-labelledby=\"elementor-tab-title-2563\"><p>La convocatoria estar\u00e1 abierta durante todo el a\u00f1o.<\/p><\/div>\n\t\t\t\t<\/div>\n\t\t\t\t\t\t\t<div class=\"elementor-accordion-item\">\n\t\t\t\t\t<div id=\"elementor-tab-title-2564\" class=\"elementor-tab-title\" data-tab=\"4\" role=\"tab\" aria-controls=\"elementor-tab-content-2564\" aria-expanded=\"false\">\n\t\t\t\t\t\t\t\t\t\t\t\t\t<span class=\"elementor-accordion-icon elementor-accordion-icon-left\" aria-hidden=\"true\">\n\t\t\t\t\t\t\t\t\t\t\t\t\t\t\t<span class=\"elementor-accordion-icon-closed\"><i class=\"fas fa-plus\"><\/i><\/span>\n\t\t\t\t\t\t\t\t<span class=\"elementor-accordion-icon-opened\"><i class=\"fas fa-minus\"><\/i><\/span>\n\t\t\t\t\t\t\t\t\t\t\t\t\t\t<\/span>\n\t\t\t\t\t\t\t\t\t\t\t\t<a class=\"elementor-accordion-title\" href=\"\">Duraci\u00f3n<\/a>\n\t\t\t\t\t<\/div>\n\t\t\t\t\t<div id=\"elementor-tab-content-2564\" class=\"elementor-tab-content elementor-clearfix\" data-tab=\"4\" role=\"tabpanel\" aria-labelledby=\"elementor-tab-title-2564\"><p>El programa podr\u00e1 tener una duraci\u00f3n m\u00ednima de 6 (seis) meses y m\u00e1xima de 2 (dos) a\u00f1os, per\u00edodo durante el cual el\/la participante realizar\u00e1 una investigaci\u00f3n en el marco de alguno de los programas o proyectos de investigaci\u00f3n acreditados y radicados en los Institutos de Investigaci\u00f3n de la Facultad o en las Unidades Ejecutoras de doble dependencia (UNSE-CONICET). En caso de estancias menores a 2 a\u00f1os, podr\u00e1 solicitarse pr\u00f3rroga; siempre y cuando no se supere el tiempo m\u00e1ximo estipulado.<\/p><\/div>\n\t\t\t\t<\/div>\n\t\t\t\t\t\t\t<div class=\"elementor-accordion-item\">\n\t\t\t\t\t<div id=\"elementor-tab-title-2565\" class=\"elementor-tab-title\" data-tab=\"5\" role=\"tab\" aria-controls=\"elementor-tab-content-2565\" aria-expanded=\"false\">\n\t\t\t\t\t\t\t\t\t\t\t\t\t<span class=\"elementor-accordion-icon elementor-accordion-icon-left\" aria-hidden=\"true\">\n\t\t\t\t\t\t\t\t\t\t\t\t\t\t\t<span class=\"elementor-accordion-icon-closed\"><i class=\"fas fa-plus\"><\/i><\/span>\n\t\t\t\t\t\t\t\t<span class=\"elementor-accordion-icon-opened\"><i class=\"fas fa-minus\"><\/i><\/span>\n\t\t\t\t\t\t\t\t\t\t\t\t\t\t<\/span>\n\t\t\t\t\t\t\t\t\t\t\t\t<a class=\"elementor-accordion-title\" href=\"\">Aspirantes al Programa de Posdoctorado<\/a>\n\t\t\t\t\t<\/div>\n\t\t\t\t\t<div id=\"elementor-tab-content-2565\" class=\"elementor-tab-content elementor-clearfix\" data-tab=\"5\" role=\"tabpanel\" aria-labelledby=\"elementor-tab-title-2565\"><p>El Programa de Posdoctorado est\u00e1 destinado a Doctores que hubieran obtenido su t\u00edtulo instituciones de nivel universitario estatales o privadas del pa\u00eds o del extranjero, que ostenten el reconocimiento de las autoridades competentes del pa\u00eds de origen, que cuenten entre los requisitos para su aprobaci\u00f3n de la defensa oral y p\u00fablica de una tesis y que, a juicio de la Comisi\u00f3n de Posdoctorado, tengan un buen nivel acad\u00e9mico.<\/p><\/div>\n\t\t\t\t<\/div>\n\t\t\t\t\t\t\t\t<\/div>\n\t\t\t\t<\/div>\n\t\t\t\t<\/div>\n\t\t\t\t\t<\/div>\n\t\t<\/div>\n\t\t\t\t\t\t\t<\/div>\n\t\t<\/section>\n\t\t\t\t\t<\/div>\n\t\t<\/div>\n\t\t\t\t\t\t\t<\/div>\n\t\t<\/section>\n\t\t\t\t\t\t<\/div>\n\t\t\t\t\t<\/div>\n\t\t","protected":false},"excerpt":{"rendered":"<p>PARA MAS INFORMACI\u00d3N, CONSULTAR LARESOLUCI\u00d3N CDFAA N\u00ba 282\/2024\u00a0 (clic aqu\u00ed) \u00a0 O CONSULTAR AL CORREO secretariaposgradofaya@gmail.com Desde su creaci\u00f3n a inicios de 2019, la Secretar\u00eda de Posgrado tiene como prop\u00f3sito potenciar, enriquecer y diversificar la formaci\u00f3n de Posgrado que brinda la Facultad de Agronom\u00eda y&#8230;<\/p>\n","protected":false},"author":5,"featured_media":0,"parent":0,"menu_order":0,"comment_status":"closed","ping_status":"closed","template":"","meta":{"_mi_skip_tracking":false},"yoast_head":"<!-- This site is optimized with the Yoast SEO plugin v17.7.1 - https:\/\/yoast.com\/wordpress\/plugins\/seo\/ -->\n<meta name=\"robots\" content=\"index, follow, max-snippet:-1, max-image-preview:large, max-video-preview:-1\" \/>\n<link rel=\"canonical\" href=\"https:\/\/faya.unse.edu.ar\/index.php\/programa-de-posdoctorado\/\" \/>\n<meta property=\"og:locale\" content=\"es_ES\" \/>\n<meta property=\"og:type\" content=\"article\" \/>\n<meta property=\"og:title\" content=\"Programa de Posdoctorado | Facultad de Agronom\u00eda y Agroindustrias UNSE | FAyA UNSE\" \/>\n<meta property=\"og:description\" content=\"PARA MAS INFORMACI\u00d3N, CONSULTAR LARESOLUCI\u00d3N CDFAA N\u00ba 282\/2024\u00a0 (clic aqu\u00ed) \u00a0 O CONSULTAR AL CORREO secretariaposgradofaya@gmail.com Desde su creaci\u00f3n a inicios de 2019, la Secretar\u00eda de Posgrado tiene como prop\u00f3sito potenciar, enriquecer y diversificar la formaci\u00f3n de Posgrado que brinda la Facultad de Agronom\u00eda y...\" \/>\n<meta property=\"og:url\" content=\"https:\/\/faya.unse.edu.ar\/index.php\/programa-de-posdoctorado\/\" \/>\n<meta property=\"og:site_name\" content=\"Facultad de Agronom\u00eda y Agroindustrias UNSE | FAyA UNSE\" \/>\n<meta property=\"article:publisher\" content=\"https:\/\/www.facebook.com\/agroUNSE\/\" \/>\n<meta property=\"article:modified_time\" content=\"2025-03-21T14:38:50+00:00\" \/>\n<meta property=\"og:image\" content=\"https:\/\/faya.unse.edu.ar\/wp-content\/uploads\/elementor\/thumbs\/posdoc-03-r36u5lbn2rlmfodi6um8ci9oaa0e43cxed70udaj6a.png\" \/>\n<meta name=\"twitter:card\" content=\"summary_large_image\" \/>\n<meta name=\"twitter:site\" content=\"@fayaunse\" \/>\n<meta name=\"twitter:label1\" content=\"Tiempo de lectura\" \/>\n\t<meta name=\"twitter:data1\" content=\"6 minutos\" \/>\n<script type=\"application\/ld+json\" class=\"yoast-schema-graph\">{\"@context\":\"https:\/\/schema.org\",\"@graph\":[{\"@type\":\"WebSite\",\"@id\":\"https:\/\/faya.unse.edu.ar\/#website\",\"url\":\"https:\/\/faya.unse.edu.ar\/\",\"name\":\"Facultad de Agronom\\u00eda y Agroindustrias UNSE | FAyA UNSE\",\"description\":\"\",\"potentialAction\":[{\"@type\":\"SearchAction\",\"target\":{\"@type\":\"EntryPoint\",\"urlTemplate\":\"https:\/\/faya.unse.edu.ar\/?s={search_term_string}\"},\"query-input\":\"required name=search_term_string\"}],\"inLanguage\":\"es-AR\"},{\"@type\":\"ImageObject\",\"@id\":\"https:\/\/faya.unse.edu.ar\/index.php\/programa-de-posdoctorado\/#primaryimage\",\"inLanguage\":\"es-AR\",\"url\":\"https:\/\/faya.unse.edu.ar\/wp-content\/uploads\/elementor\/thumbs\/posdoc-03-r36u5lbn2rlmfodi6um8ci9oaa0e43cxed70udaj6a.png\",\"contentUrl\":\"https:\/\/faya.unse.edu.ar\/wp-content\/uploads\/elementor\/thumbs\/posdoc-03-r36u5lbn2rlmfodi6um8ci9oaa0e43cxed70udaj6a.png\"},{\"@type\":\"WebPage\",\"@id\":\"https:\/\/faya.unse.edu.ar\/index.php\/programa-de-posdoctorado\/#webpage\",\"url\":\"https:\/\/faya.unse.edu.ar\/index.php\/programa-de-posdoctorado\/\",\"name\":\"Programa de Posdoctorado | Facultad de Agronom\\u00eda y Agroindustrias UNSE | FAyA UNSE\",\"isPartOf\":{\"@id\":\"https:\/\/faya.unse.edu.ar\/#website\"},\"primaryImageOfPage\":{\"@id\":\"https:\/\/faya.unse.edu.ar\/index.php\/programa-de-posdoctorado\/#primaryimage\"},\"datePublished\":\"2025-03-21T14:22:55+00:00\",\"dateModified\":\"2025-03-21T14:38:50+00:00\",\"breadcrumb\":{\"@id\":\"https:\/\/faya.unse.edu.ar\/index.php\/programa-de-posdoctorado\/#breadcrumb\"},\"inLanguage\":\"es-AR\",\"potentialAction\":[{\"@type\":\"ReadAction\",\"target\":[\"https:\/\/faya.unse.edu.ar\/index.php\/programa-de-posdoctorado\/\"]}]},{\"@type\":\"BreadcrumbList\",\"@id\":\"https:\/\/faya.unse.edu.ar\/index.php\/programa-de-posdoctorado\/#breadcrumb\",\"itemListElement\":[{\"@type\":\"ListItem\",\"position\":1,\"name\":\"Home\",\"item\":\"https:\/\/faya.unse.edu.ar\/\"},{\"@type\":\"ListItem\",\"position\":2,\"name\":\"Programa de Posdoctorado\"}]}]}<\/script>\n<!-- \/ Yoast SEO plugin. -->","yoast_head_json":{"robots":{"index":"index","follow":"follow","max-snippet":"max-snippet:-1","max-image-preview":"max-image-preview:large","max-video-preview":"max-video-preview:-1"},"canonical":"https:\/\/faya.unse.edu.ar\/index.php\/programa-de-posdoctorado\/","og_locale":"es_ES","og_type":"article","og_title":"Programa de Posdoctorado | Facultad de Agronom\u00eda y Agroindustrias UNSE | FAyA UNSE","og_description":"PARA MAS INFORMACI\u00d3N, CONSULTAR LARESOLUCI\u00d3N CDFAA N\u00ba 282\/2024\u00a0 (clic aqu\u00ed) \u00a0 O CONSULTAR AL CORREO secretariaposgradofaya@gmail.com Desde su creaci\u00f3n a inicios de 2019, la Secretar\u00eda de Posgrado tiene como prop\u00f3sito potenciar, enriquecer y diversificar la formaci\u00f3n de Posgrado que brinda la Facultad de Agronom\u00eda y...","og_url":"https:\/\/faya.unse.edu.ar\/index.php\/programa-de-posdoctorado\/","og_site_name":"Facultad de Agronom\u00eda y Agroindustrias UNSE | FAyA UNSE","article_publisher":"https:\/\/www.facebook.com\/agroUNSE\/","article_modified_time":"2025-03-21T14:38:50+00:00","og_image":[{"url":"https:\/\/faya.unse.edu.ar\/wp-content\/uploads\/elementor\/thumbs\/posdoc-03-r36u5lbn2rlmfodi6um8ci9oaa0e43cxed70udaj6a.png"}],"twitter_card":"summary_large_image","twitter_site":"@fayaunse","twitter_misc":{"Tiempo de lectura":"6 minutos"},"schema":{"@context":"https:\/\/schema.org","@graph":[{"@type":"WebSite","@id":"https:\/\/faya.unse.edu.ar\/#website","url":"https:\/\/faya.unse.edu.ar\/","name":"Facultad de Agronom\u00eda y Agroindustrias UNSE | FAyA UNSE","description":"","potentialAction":[{"@type":"SearchAction","target":{"@type":"EntryPoint","urlTemplate":"https:\/\/faya.unse.edu.ar\/?s={search_term_string}"},"query-input":"required name=search_term_string"}],"inLanguage":"es-AR"},{"@type":"ImageObject","@id":"https:\/\/faya.unse.edu.ar\/index.php\/programa-de-posdoctorado\/#primaryimage","inLanguage":"es-AR","url":"https:\/\/faya.unse.edu.ar\/wp-content\/uploads\/elementor\/thumbs\/posdoc-03-r36u5lbn2rlmfodi6um8ci9oaa0e43cxed70udaj6a.png","contentUrl":"https:\/\/faya.unse.edu.ar\/wp-content\/uploads\/elementor\/thumbs\/posdoc-03-r36u5lbn2rlmfodi6um8ci9oaa0e43cxed70udaj6a.png"},{"@type":"WebPage","@id":"https:\/\/faya.unse.edu.ar\/index.php\/programa-de-posdoctorado\/#webpage","url":"https:\/\/faya.unse.edu.ar\/index.php\/programa-de-posdoctorado\/","name":"Programa de Posdoctorado | Facultad de Agronom\u00eda y Agroindustrias UNSE | FAyA UNSE","isPartOf":{"@id":"https:\/\/faya.unse.edu.ar\/#website"},"primaryImageOfPage":{"@id":"https:\/\/faya.unse.edu.ar\/index.php\/programa-de-posdoctorado\/#primaryimage"},"datePublished":"2025-03-21T14:22:55+00:00","dateModified":"2025-03-21T14:38:50+00:00","breadcrumb":{"@id":"https:\/\/faya.unse.edu.ar\/index.php\/programa-de-posdoctorado\/#breadcrumb"},"inLanguage":"es-AR","potentialAction":[{"@type":"ReadAction","target":["https:\/\/faya.unse.edu.ar\/index.php\/programa-de-posdoctorado\/"]}]},{"@type":"BreadcrumbList","@id":"https:\/\/faya.unse.edu.ar\/index.php\/programa-de-posdoctorado\/#breadcrumb","itemListElement":[{"@type":"ListItem","position":1,"name":"Home","item":"https:\/\/faya.unse.edu.ar\/"},{"@type":"ListItem","position":2,"name":"Programa de Posdoctorado"}]}]}},"_links":{"self":[{"href":"https:\/\/faya.unse.edu.ar\/index.php\/wp-json\/wp\/v2\/pages\/34159"}],"collection":[{"href":"https:\/\/faya.unse.edu.ar\/index.php\/wp-json\/wp\/v2\/pages"}],"about":[{"href":"https:\/\/faya.unse.edu.ar\/index.php\/wp-json\/wp\/v2\/types\/page"}],"author":[{"embeddable":true,"href":"https:\/\/faya.unse.edu.ar\/index.php\/wp-json\/wp\/v2\/users\/5"}],"replies":[{"embeddable":true,"href":"https:\/\/faya.unse.edu.ar\/index.php\/wp-json\/wp\/v2\/comments?post=34159"}],"version-history":[{"count":11,"href":"https:\/\/faya.unse.edu.ar\/index.php\/wp-json\/wp\/v2\/pages\/34159\/revisions"}],"predecessor-version":[{"id":34172,"href":"https:\/\/faya.unse.edu.ar\/index.php\/wp-json\/wp\/v2\/pages\/34159\/revisions\/34172"}],"wp:attachment":[{"href":"https:\/\/faya.unse.edu.ar\/index.php\/wp-json\/wp\/v2\/media?parent=34159"}],"curies":[{"name":"wp","href":"https:\/\/api.w.org\/{rel}","templated":true}]}}