{"id":35894,"date":"2026-03-17T13:49:15","date_gmt":"2026-03-17T16:49:15","guid":{"rendered":"https:\/\/faya.unse.edu.ar\/?page_id=35894"},"modified":"2026-04-09T10:57:02","modified_gmt":"2026-04-09T13:57:02","slug":"diplo-farmacia","status":"publish","type":"page","link":"https:\/\/faya.unse.edu.ar\/index.php\/diplo-farmacia\/","title":{"rendered":"DIPLOMATURA EN GESTI\u00d3N DE FARMACIA"},"content":{"rendered":"\t\t<div data-elementor-type=\"wp-page\" data-elementor-id=\"35894\" class=\"elementor elementor-35894\" data-elementor-settings=\"[]\">\n\t\t\t\t\t\t\t<div class=\"elementor-section-wrap\">\n\t\t\t\t\t\t\t<section class=\"elementor-section elementor-top-section elementor-element elementor-element-8e65c0d elementor-section-boxed elementor-section-height-default elementor-section-height-default\" data-id=\"8e65c0d\" data-element_type=\"section\">\n\t\t\t\t\t\t<div class=\"elementor-container elementor-column-gap-default\">\n\t\t\t\t\t<div class=\"elementor-column elementor-col-100 elementor-top-column elementor-element elementor-element-8bdb0d5\" data-id=\"8bdb0d5\" data-element_type=\"column\">\n\t\t\t<div class=\"elementor-widget-wrap elementor-element-populated\">\n\t\t\t\t\t\t\t\t<div class=\"elementor-element elementor-element-7dce6cf elementor-widget elementor-widget-image\" data-id=\"7dce6cf\" data-element_type=\"widget\" data-widget_type=\"image.default\">\n\t\t\t\t<div class=\"elementor-widget-container\">\n\t\t\t\t\t\t\t\t\t\t\t\t\t\t\t<img width=\"7095\" height=\"2170\" src=\"https:\/\/faya.unse.edu.ar\/wp-content\/uploads\/banner-03.png\" class=\"attachment-full size-full\" alt=\"\" loading=\"lazy\" srcset=\"https:\/\/faya.unse.edu.ar\/wp-content\/uploads\/banner-03.png 7095w, https:\/\/faya.unse.edu.ar\/wp-content\/uploads\/banner-03-300x92.png 300w, https:\/\/faya.unse.edu.ar\/wp-content\/uploads\/banner-03-1024x313.png 1024w, https:\/\/faya.unse.edu.ar\/wp-content\/uploads\/banner-03-768x235.png 768w, https:\/\/faya.unse.edu.ar\/wp-content\/uploads\/banner-03-1536x470.png 1536w, https:\/\/faya.unse.edu.ar\/wp-content\/uploads\/banner-03-2048x626.png 2048w, https:\/\/faya.unse.edu.ar\/wp-content\/uploads\/banner-03-700x214.png 700w\" sizes=\"(max-width: 7095px) 100vw, 7095px\" \/>\t\t\t\t\t\t\t\t\t\t\t\t\t\t\t<\/div>\n\t\t\t\t<\/div>\n\t\t\t\t\t<\/div>\n\t\t<\/div>\n\t\t\t\t\t\t\t<\/div>\n\t\t<\/section>\n\t\t\t\t<section class=\"elementor-section elementor-top-section elementor-element elementor-element-3e4b35d elementor-section-boxed elementor-section-height-default elementor-section-height-default\" data-id=\"3e4b35d\" data-element_type=\"section\">\n\t\t\t\t\t\t<div class=\"elementor-container elementor-column-gap-default\">\n\t\t\t\t\t<div class=\"elementor-column elementor-col-100 elementor-top-column elementor-element elementor-element-3401709\" data-id=\"3401709\" data-element_type=\"column\">\n\t\t\t<div class=\"elementor-widget-wrap elementor-element-populated\">\n\t\t\t\t\t\t\t\t<div class=\"elementor-element elementor-element-680e4fd elementor-widget elementor-widget-text-editor\" data-id=\"680e4fd\" data-element_type=\"widget\" data-widget_type=\"text-editor.default\">\n\t\t\t\t<div class=\"elementor-widget-container\">\n\t\t\t\t\t\t\t<p><em style=\"background-color: #f6f6f6;\"><strong><u>Importante<\/u><\/strong><strong>:\u00a0<\/strong>La presente Diplomatura no constituye una carrera universitaria y por tanto no otorga t\u00edtulo habilitante para el ejercicio profesional<\/em><\/p>\t\t\t\t\t\t<\/div>\n\t\t\t\t<\/div>\n\t\t\t\t\t<\/div>\n\t\t<\/div>\n\t\t\t\t\t\t\t<\/div>\n\t\t<\/section>\n\t\t\t\t<section class=\"elementor-section elementor-top-section elementor-element elementor-element-d3ce994 elementor-section-boxed elementor-section-height-default elementor-section-height-default\" data-id=\"d3ce994\" data-element_type=\"section\">\n\t\t\t\t\t\t<div class=\"elementor-container elementor-column-gap-default\">\n\t\t\t\t\t<div class=\"elementor-column elementor-col-100 elementor-top-column elementor-element elementor-element-8d68724\" data-id=\"8d68724\" data-element_type=\"column\">\n\t\t\t<div class=\"elementor-widget-wrap elementor-element-populated\">\n\t\t\t\t\t\t\t\t<div class=\"elementor-element elementor-element-50e4a8e elementor-widget elementor-widget-text-editor\" data-id=\"50e4a8e\" data-element_type=\"widget\" data-widget_type=\"text-editor.default\">\n\t\t\t\t<div class=\"elementor-widget-container\">\n\t\t\t\t\t\t\t<p><span style=\"font-weight: 400;\">La Diplomatura en Gesti\u00f3n de Farmacia en un \u00e1mbito de Educaci\u00f3n Universitaria, ofrece una formaci\u00f3n integral del estudiante en los pilares del ejercicio t\u00e9cnico profesional: atenci\u00f3n al paciente, gesti\u00f3n operativa y educaci\u00f3n sanitaria. El programa abarca 15 m\u00f3dulos tem\u00e1ticos, que le permitir\u00e1n el aprendizaje f\u00e1rmaco terap\u00e9utico, la optimizaci\u00f3n de procesos en el mostrador, la gesti\u00f3n de stock y vinculaci\u00f3n con la comunidad. Los participantes adquirir\u00e1n habilidades pr\u00e1cticas y conocimientos te\u00f3ricos para el ejercicio de calidad supervisado por los profesionales farmac\u00e9uticos en cualquier \u00e1mbito: Comunitario u Hospitalario. El curso combina clases virtuales sincr\u00f3nicas y actividades asincr\u00f3nicas. La aprobaci\u00f3n requiere asistencia a clases, completar el recorrido de aprendizaje virtual y aprobar las instancias de evaluaci\u00f3n parcial y la evaluaci\u00f3n final.\u00a0<\/span><\/p>\t\t\t\t\t\t<\/div>\n\t\t\t\t<\/div>\n\t\t\t\t\t<\/div>\n\t\t<\/div>\n\t\t\t\t\t\t\t<\/div>\n\t\t<\/section>\n\t\t\t\t<section class=\"elementor-section elementor-top-section elementor-element elementor-element-347444e elementor-section-boxed elementor-section-height-default elementor-section-height-default\" data-id=\"347444e\" data-element_type=\"section\">\n\t\t\t\t\t\t<div class=\"elementor-container elementor-column-gap-default\">\n\t\t\t\t\t<div class=\"elementor-column elementor-col-100 elementor-top-column elementor-element elementor-element-297bf30\" data-id=\"297bf30\" data-element_type=\"column\">\n\t\t\t<div class=\"elementor-widget-wrap elementor-element-populated\">\n\t\t\t\t\t\t\t\t<div class=\"elementor-element elementor-element-5fbc11a elementor-widget elementor-widget-text-editor\" data-id=\"5fbc11a\" data-element_type=\"widget\" data-widget_type=\"text-editor.default\">\n\t\t\t\t<div class=\"elementor-widget-container\">\n\t\t\t\t\t\t\t<p><strong>Destinatarios:<\/strong><\/p><ul><li>Farmac\u00e9uticos\/as<\/li><li><span style=\"font-weight: 400;\">Auxiliares de farmacia en ejercicio en los diferentes \u00e1mbitos<\/span><\/li><li><span style=\"font-weight: 400;\">Estudiantes que hayan concluido cursos de capacitaci\u00f3n para auxiliares de farmacia, que requieran profundizar conceptos y profesionalizar el oficio seg\u00fan est\u00e1ndares 2026.\u00a0<\/span><ul><li style=\"list-style-type: none;\">\u00a0<\/li><\/ul><\/li><\/ul><p>Cupo m\u00ednimo: 30 inscriptos<\/p><p><strong>Modalidad:<\/strong> <span style=\"font-weight: 400;\">Semipresencial<\/span><\/p><p><b>Carga Horaria que acredita: <\/b><span style=\"font-weight: 400;\">120 horas<\/span><\/p><p><span style=\"font-weight: 400;\">\u00a0<\/span><\/p><p><em><strong><a href=\"https:\/\/faya.unse.edu.ar\/wp-content\/uploads\/ResCDFAA-026-2026-Autoriz.pdf\" target=\"_blank\" rel=\"noopener\">Aprobado por Resoluci\u00f3n CDFAA 026\/2026<\/a><\/strong><\/em><\/p>\t\t\t\t\t\t<\/div>\n\t\t\t\t<\/div>\n\t\t\t\t\t<\/div>\n\t\t<\/div>\n\t\t\t\t\t\t\t<\/div>\n\t\t<\/section>\n\t\t\t\t<section class=\"elementor-section elementor-top-section elementor-element elementor-element-03c6296 elementor-section-boxed elementor-section-height-default elementor-section-height-default\" data-id=\"03c6296\" data-element_type=\"section\">\n\t\t\t\t\t\t<div class=\"elementor-container elementor-column-gap-default\">\n\t\t\t\t\t<div class=\"elementor-column elementor-col-100 elementor-top-column elementor-element elementor-element-eab8cf8\" data-id=\"eab8cf8\" data-element_type=\"column\">\n\t\t\t<div class=\"elementor-widget-wrap elementor-element-populated\">\n\t\t\t\t\t\t\t\t<div class=\"elementor-element elementor-element-a79e7a8 elementor-widget elementor-widget-accordion\" data-id=\"a79e7a8\" data-element_type=\"widget\" data-widget_type=\"accordion.default\">\n\t\t\t\t<div class=\"elementor-widget-container\">\n\t\t\t\t\t<div class=\"elementor-accordion\" role=\"tablist\">\n\t\t\t\t\t\t\t<div class=\"elementor-accordion-item\">\n\t\t\t\t\t<div id=\"elementor-tab-title-1751\" class=\"elementor-tab-title\" data-tab=\"1\" role=\"tab\" aria-controls=\"elementor-tab-content-1751\" aria-expanded=\"false\">\n\t\t\t\t\t\t\t\t\t\t\t\t\t<span class=\"elementor-accordion-icon elementor-accordion-icon-left\" aria-hidden=\"true\">\n\t\t\t\t\t\t\t\t\t\t\t\t\t\t\t<span class=\"elementor-accordion-icon-closed\"><i class=\"fas fa-plus\"><\/i><\/span>\n\t\t\t\t\t\t\t\t<span class=\"elementor-accordion-icon-opened\"><i class=\"fas fa-minus\"><\/i><\/span>\n\t\t\t\t\t\t\t\t\t\t\t\t\t\t<\/span>\n\t\t\t\t\t\t\t\t\t\t\t\t<a class=\"elementor-accordion-title\" href=\"\">INSCRIPCIONES <\/a>\n\t\t\t\t\t<\/div>\n\t\t\t\t\t<div id=\"elementor-tab-content-1751\" class=\"elementor-tab-content elementor-clearfix\" data-tab=\"1\" role=\"tabpanel\" aria-labelledby=\"elementor-tab-title-1751\"><p>Inscripciones abiertas en: <strong><a href=\"https:\/\/docs.google.com\/forms\/d\/e\/1FAIpQLScWkp1_PpYGp2IuZTFoO5ieQ0V8KVHXR2AuXfyaBFZly4mGUQ\/viewform\">https:\/\/bit.ly\/diplo-farmacia<\/a><\/strong><\/p><\/div>\n\t\t\t\t<\/div>\n\t\t\t\t\t\t\t<div class=\"elementor-accordion-item\">\n\t\t\t\t\t<div id=\"elementor-tab-title-1752\" class=\"elementor-tab-title\" data-tab=\"2\" role=\"tab\" aria-controls=\"elementor-tab-content-1752\" aria-expanded=\"false\">\n\t\t\t\t\t\t\t\t\t\t\t\t\t<span class=\"elementor-accordion-icon elementor-accordion-icon-left\" aria-hidden=\"true\">\n\t\t\t\t\t\t\t\t\t\t\t\t\t\t\t<span class=\"elementor-accordion-icon-closed\"><i class=\"fas fa-plus\"><\/i><\/span>\n\t\t\t\t\t\t\t\t<span class=\"elementor-accordion-icon-opened\"><i class=\"fas fa-minus\"><\/i><\/span>\n\t\t\t\t\t\t\t\t\t\t\t\t\t\t<\/span>\n\t\t\t\t\t\t\t\t\t\t\t\t<a class=\"elementor-accordion-title\" href=\"\">MODALIDAD Y CARGA HORARIA<\/a>\n\t\t\t\t\t<\/div>\n\t\t\t\t\t<div id=\"elementor-tab-content-1752\" class=\"elementor-tab-content elementor-clearfix\" data-tab=\"2\" role=\"tabpanel\" aria-labelledby=\"elementor-tab-title-1752\"><p><strong>Inicio:<\/strong>\u00a0viernes 24 de abril de 2026<\/p><p>\u00a0<\/p><p><b>CARGA HORARIA QUE ACREDITA:<\/b><\/p><p><b>Carga horaria total: 112 horas<\/b><\/p><ul><li style=\"font-weight: 400;\" aria-level=\"1\"><span style=\"font-weight: 400;\">Te\u00f3ricas: 60 horas<\/span><\/li><li style=\"font-weight: 400;\" aria-level=\"1\"><span style=\"font-weight: 400;\">Pr\u00e1cticas: 52 horas<\/span><\/li><\/ul><p>\u00a0<\/p><p><b>Carga horaria te\u00f3rica presencial: 6 horas<\/b><\/p><ul><li style=\"font-weight: 400;\" aria-level=\"1\"><span style=\"font-weight: 400;\">Encuentro de inicio: 3 horas<\/span><\/li><li style=\"font-weight: 400;\" aria-level=\"1\"><span style=\"font-weight: 400;\">Encuentro de cierre: 3 horas\u00a0<\/span><\/li><\/ul><p>\u00a0<\/p><p><b>Carga horaria te\u00f3rica virtual sincr\u00f3nica: 60 hs\u00a0<\/b><\/p><ul><li style=\"font-weight: 400;\" aria-level=\"1\"><span style=\"font-weight: 400;\">Te\u00f3ricos: 20 clases x 3hs =60 horas<\/span><\/li><\/ul><p>\u00a0<\/p><p><b>Carga horaria virtual asincr\u00f3nica: 52\u00a0 hs\u00a0<\/b><\/p><ul><li style=\"font-weight: 400;\" aria-level=\"1\"><span style=\"font-weight: 400;\">Evaluaciones: 16 evaluaciones (1 hora cada una): 16 horas\u00a0<\/span><\/li><li style=\"font-weight: 400;\" aria-level=\"1\"><span style=\"font-weight: 400;\">Recuperatorios: 16 recuperatorios (1 hora cada uno): 16 horas<\/span><\/li><li style=\"font-weight: 400;\" aria-level=\"1\"><span style=\"font-weight: 400;\">Trabajo pr\u00e1ctico y material complementario de lectura: 2 horas por cada clase te\u00f3rica: 20 horas\u00a0\u00a0<\/span><\/li><\/ul><p>\u00a0<\/p><p><b>Modalidad y requisitos de aprobaci\u00f3n<\/b><\/p><p><span style=\"font-weight: 400;\">Para aprobar la diplomatura, los participantes deber\u00e1n cumplir con las siguientes condiciones:<\/span><\/p><ul><li style=\"font-weight: 400;\" aria-level=\"1\"><span style=\"font-weight: 400;\">Asistencia al 75% o m\u00e1s de las instancias sincr\u00f3nicas presenciales y\/o virtuales.<\/span><\/li><li style=\"font-weight: 400;\" aria-level=\"1\"><span style=\"font-weight: 400;\">Recorrido completo de aprendizaje en aula virtual.<\/span><\/li><li style=\"font-weight: 400;\" aria-level=\"1\"><span style=\"font-weight: 400;\">Presentaci\u00f3n y aprobaci\u00f3n de trabajos pr\u00e1cticos al final de cada clase propuesta\u00a0<\/span><\/li><\/ul><p>\u00a0<\/p><p><b>Porcentaje de Asistencia: <\/b><span style=\"font-weight: 400;\">75%<\/span><\/p><\/div>\n\t\t\t\t<\/div>\n\t\t\t\t\t\t\t<div class=\"elementor-accordion-item\">\n\t\t\t\t\t<div id=\"elementor-tab-title-1753\" class=\"elementor-tab-title\" data-tab=\"3\" role=\"tab\" aria-controls=\"elementor-tab-content-1753\" aria-expanded=\"false\">\n\t\t\t\t\t\t\t\t\t\t\t\t\t<span class=\"elementor-accordion-icon elementor-accordion-icon-left\" aria-hidden=\"true\">\n\t\t\t\t\t\t\t\t\t\t\t\t\t\t\t<span class=\"elementor-accordion-icon-closed\"><i class=\"fas fa-plus\"><\/i><\/span>\n\t\t\t\t\t\t\t\t<span class=\"elementor-accordion-icon-opened\"><i class=\"fas fa-minus\"><\/i><\/span>\n\t\t\t\t\t\t\t\t\t\t\t\t\t\t<\/span>\n\t\t\t\t\t\t\t\t\t\t\t\t<a class=\"elementor-accordion-title\" href=\"\">CUERPO DOCENTE<\/a>\n\t\t\t\t\t<\/div>\n\t\t\t\t\t<div id=\"elementor-tab-content-1753\" class=\"elementor-tab-content elementor-clearfix\" data-tab=\"3\" role=\"tabpanel\" aria-labelledby=\"elementor-tab-title-1753\"><ul><li><strong>Farm. Amira Kermes. <\/strong>Farmac\u00e9utica Certificada, Especialista en Educaci\u00f3n. <span>Docente de Farmacolog\u00eda General de la FCM \u2013 UNSE. <\/span><span>Autora de\u00a0 la Gu\u00eda de Implementaci\u00f3n de Servicios Farmac\u00e9uticos. <\/span><span>Miembro de FEFARA\u00a0 Departamento de Actualizaci\u00f3n Farmac\u00e9utica. <\/span><span>Comisi\u00f3n Directiva del Colegio de Farmac\u00e9uticos de Santiago del Estero. <\/span><span>Capacitadora Universitaria. <\/span><span>Docente en la Universidad Escuela Argentina de Negocios. <\/span><span>Docente de la Escuela de Artes y Oficios (Curso Auxiliar de Farmacia ) .<\/span><\/li><\/ul><p>\u00a0<\/p><ul><li>Dra. Gisela Fabiani\u00a0<\/li><\/ul><p>\u00a0<\/p><ul><li>Dr. Pedro Carranza<\/li><\/ul><\/div>\n\t\t\t\t<\/div>\n\t\t\t\t\t\t\t<div class=\"elementor-accordion-item\">\n\t\t\t\t\t<div id=\"elementor-tab-title-1754\" class=\"elementor-tab-title\" data-tab=\"4\" role=\"tab\" aria-controls=\"elementor-tab-content-1754\" aria-expanded=\"false\">\n\t\t\t\t\t\t\t\t\t\t\t\t\t<span class=\"elementor-accordion-icon elementor-accordion-icon-left\" aria-hidden=\"true\">\n\t\t\t\t\t\t\t\t\t\t\t\t\t\t\t<span class=\"elementor-accordion-icon-closed\"><i class=\"fas fa-plus\"><\/i><\/span>\n\t\t\t\t\t\t\t\t<span class=\"elementor-accordion-icon-opened\"><i class=\"fas fa-minus\"><\/i><\/span>\n\t\t\t\t\t\t\t\t\t\t\t\t\t\t<\/span>\n\t\t\t\t\t\t\t\t\t\t\t\t<a class=\"elementor-accordion-title\" href=\"\">ARANCELES<\/a>\n\t\t\t\t\t<\/div>\n\t\t\t\t\t<div id=\"elementor-tab-content-1754\" class=\"elementor-tab-content elementor-clearfix\" data-tab=\"4\" role=\"tabpanel\" aria-labelledby=\"elementor-tab-title-1754\"><p><b>Costo total<\/b> $ 600.000 <br \/>&gt; Inscripci\u00f3n de $ 60.000<br \/>&gt; 6 pagos de $ 90.000<b><br \/><\/b><\/p><p>\u00a0<\/p><p><b>La inscripci\u00f3n se realizar\u00e1 mediante transferencia a:<\/b><\/p><ul><li>Cuenta Corriente en Pesos Banco Santander 364-000995\/3 de la Facultad de Agronom\u00eda y Agroindustrias<\/li><li>CBU: 0720364820000000099536<\/li><li>Alias: NIEVE.CINTA.CAL<\/li><\/ul><\/div>\n\t\t\t\t<\/div>\n\t\t\t\t\t\t\t\t<\/div>\n\t\t\t\t<\/div>\n\t\t\t\t<\/div>\n\t\t\t\t\t<\/div>\n\t\t<\/div>\n\t\t\t\t\t\t\t<\/div>\n\t\t<\/section>\n\t\t\t\t\t\t<\/div>\n\t\t\t\t\t<\/div>\n\t\t","protected":false},"excerpt":{"rendered":"<p>Importante:\u00a0La presente Diplomatura no constituye una carrera universitaria y por tanto no otorga t\u00edtulo habilitante para el ejercicio profesional La Diplomatura en Gesti\u00f3n de Farmacia en un \u00e1mbito de Educaci\u00f3n Universitaria, ofrece una formaci\u00f3n integral del estudiante en los pilares del ejercicio t\u00e9cnico profesional: atenci\u00f3n&#8230;<\/p>\n","protected":false},"author":5,"featured_media":35932,"parent":0,"menu_order":0,"comment_status":"closed","ping_status":"closed","template":"","meta":{"_mi_skip_tracking":false},"yoast_head":"<!-- This site is optimized with the Yoast SEO plugin v17.7.1 - https:\/\/yoast.com\/wordpress\/plugins\/seo\/ -->\n<meta name=\"robots\" content=\"index, follow, max-snippet:-1, max-image-preview:large, max-video-preview:-1\" \/>\n<link rel=\"canonical\" href=\"https:\/\/faya.unse.edu.ar\/index.php\/diplo-farmacia\/\" \/>\n<meta property=\"og:locale\" content=\"es_ES\" \/>\n<meta property=\"og:type\" content=\"article\" \/>\n<meta property=\"og:title\" content=\"DIPLOMATURA EN GESTI\u00d3N DE FARMACIA | Facultad de Agronom\u00eda y Agroindustrias UNSE | FAyA UNSE\" \/>\n<meta property=\"og:description\" content=\"Importante:\u00a0La presente Diplomatura no constituye una carrera universitaria y por tanto no otorga t\u00edtulo habilitante para el ejercicio profesional La Diplomatura en Gesti\u00f3n de Farmacia en un \u00e1mbito de Educaci\u00f3n Universitaria, ofrece una formaci\u00f3n integral del estudiante en los pilares del ejercicio t\u00e9cnico profesional: atenci\u00f3n...\" \/>\n<meta property=\"og:url\" content=\"https:\/\/faya.unse.edu.ar\/index.php\/diplo-farmacia\/\" \/>\n<meta property=\"og:site_name\" content=\"Facultad de Agronom\u00eda y Agroindustrias UNSE | FAyA UNSE\" \/>\n<meta property=\"article:publisher\" content=\"https:\/\/www.facebook.com\/agroUNSE\/\" \/>\n<meta property=\"article:modified_time\" content=\"2026-04-09T13:57:02+00:00\" \/>\n<meta property=\"og:image\" content=\"https:\/\/faya.unse.edu.ar\/wp-content\/uploads\/banner-03-1024x313.png\" \/>\n\t<meta property=\"og:image:width\" content=\"1024\" \/>\n\t<meta property=\"og:image:height\" content=\"313\" \/>\n<meta name=\"twitter:card\" content=\"summary_large_image\" \/>\n<meta name=\"twitter:site\" content=\"@fayaunse\" \/>\n<meta name=\"twitter:label1\" content=\"Tiempo de lectura\" \/>\n\t<meta name=\"twitter:data1\" content=\"3 minutos\" \/>\n<script type=\"application\/ld+json\" class=\"yoast-schema-graph\">{\"@context\":\"https:\/\/schema.org\",\"@graph\":[{\"@type\":\"WebSite\",\"@id\":\"https:\/\/faya.unse.edu.ar\/#website\",\"url\":\"https:\/\/faya.unse.edu.ar\/\",\"name\":\"Facultad de Agronom\\u00eda y Agroindustrias UNSE | FAyA UNSE\",\"description\":\"\",\"potentialAction\":[{\"@type\":\"SearchAction\",\"target\":{\"@type\":\"EntryPoint\",\"urlTemplate\":\"https:\/\/faya.unse.edu.ar\/?s={search_term_string}\"},\"query-input\":\"required name=search_term_string\"}],\"inLanguage\":\"es-AR\"},{\"@type\":\"ImageObject\",\"@id\":\"https:\/\/faya.unse.edu.ar\/index.php\/diplo-farmacia\/#primaryimage\",\"inLanguage\":\"es-AR\",\"url\":\"https:\/\/faya.unse.edu.ar\/wp-content\/uploads\/banner-03.png\",\"contentUrl\":\"https:\/\/faya.unse.edu.ar\/wp-content\/uploads\/banner-03.png\",\"width\":7095,\"height\":2170},{\"@type\":\"WebPage\",\"@id\":\"https:\/\/faya.unse.edu.ar\/index.php\/diplo-farmacia\/#webpage\",\"url\":\"https:\/\/faya.unse.edu.ar\/index.php\/diplo-farmacia\/\",\"name\":\"DIPLOMATURA EN GESTI\\u00d3N DE FARMACIA | Facultad de Agronom\\u00eda y Agroindustrias UNSE | FAyA UNSE\",\"isPartOf\":{\"@id\":\"https:\/\/faya.unse.edu.ar\/#website\"},\"primaryImageOfPage\":{\"@id\":\"https:\/\/faya.unse.edu.ar\/index.php\/diplo-farmacia\/#primaryimage\"},\"datePublished\":\"2026-03-17T16:49:15+00:00\",\"dateModified\":\"2026-04-09T13:57:02+00:00\",\"breadcrumb\":{\"@id\":\"https:\/\/faya.unse.edu.ar\/index.php\/diplo-farmacia\/#breadcrumb\"},\"inLanguage\":\"es-AR\",\"potentialAction\":[{\"@type\":\"ReadAction\",\"target\":[\"https:\/\/faya.unse.edu.ar\/index.php\/diplo-farmacia\/\"]}]},{\"@type\":\"BreadcrumbList\",\"@id\":\"https:\/\/faya.unse.edu.ar\/index.php\/diplo-farmacia\/#breadcrumb\",\"itemListElement\":[{\"@type\":\"ListItem\",\"position\":1,\"name\":\"Home\",\"item\":\"https:\/\/faya.unse.edu.ar\/\"},{\"@type\":\"ListItem\",\"position\":2,\"name\":\"DIPLOMATURA EN GESTI\\u00d3N DE FARMACIA\"}]}]}<\/script>\n<!-- \/ Yoast SEO plugin. -->","yoast_head_json":{"robots":{"index":"index","follow":"follow","max-snippet":"max-snippet:-1","max-image-preview":"max-image-preview:large","max-video-preview":"max-video-preview:-1"},"canonical":"https:\/\/faya.unse.edu.ar\/index.php\/diplo-farmacia\/","og_locale":"es_ES","og_type":"article","og_title":"DIPLOMATURA EN GESTI\u00d3N DE FARMACIA | Facultad de Agronom\u00eda y Agroindustrias UNSE | FAyA UNSE","og_description":"Importante:\u00a0La presente Diplomatura no constituye una carrera universitaria y por tanto no otorga t\u00edtulo habilitante para el ejercicio profesional La Diplomatura en Gesti\u00f3n de Farmacia en un \u00e1mbito de Educaci\u00f3n Universitaria, ofrece una formaci\u00f3n integral del estudiante en los pilares del ejercicio t\u00e9cnico profesional: atenci\u00f3n...","og_url":"https:\/\/faya.unse.edu.ar\/index.php\/diplo-farmacia\/","og_site_name":"Facultad de Agronom\u00eda y Agroindustrias UNSE | FAyA UNSE","article_publisher":"https:\/\/www.facebook.com\/agroUNSE\/","article_modified_time":"2026-04-09T13:57:02+00:00","og_image":[{"width":1024,"height":313,"url":"https:\/\/faya.unse.edu.ar\/wp-content\/uploads\/banner-03-1024x313.png","type":"image\/png"}],"twitter_card":"summary_large_image","twitter_site":"@fayaunse","twitter_misc":{"Tiempo de lectura":"3 minutos"},"schema":{"@context":"https:\/\/schema.org","@graph":[{"@type":"WebSite","@id":"https:\/\/faya.unse.edu.ar\/#website","url":"https:\/\/faya.unse.edu.ar\/","name":"Facultad de Agronom\u00eda y Agroindustrias UNSE | FAyA UNSE","description":"","potentialAction":[{"@type":"SearchAction","target":{"@type":"EntryPoint","urlTemplate":"https:\/\/faya.unse.edu.ar\/?s={search_term_string}"},"query-input":"required name=search_term_string"}],"inLanguage":"es-AR"},{"@type":"ImageObject","@id":"https:\/\/faya.unse.edu.ar\/index.php\/diplo-farmacia\/#primaryimage","inLanguage":"es-AR","url":"https:\/\/faya.unse.edu.ar\/wp-content\/uploads\/banner-03.png","contentUrl":"https:\/\/faya.unse.edu.ar\/wp-content\/uploads\/banner-03.png","width":7095,"height":2170},{"@type":"WebPage","@id":"https:\/\/faya.unse.edu.ar\/index.php\/diplo-farmacia\/#webpage","url":"https:\/\/faya.unse.edu.ar\/index.php\/diplo-farmacia\/","name":"DIPLOMATURA EN GESTI\u00d3N DE FARMACIA | Facultad de Agronom\u00eda y Agroindustrias UNSE | FAyA UNSE","isPartOf":{"@id":"https:\/\/faya.unse.edu.ar\/#website"},"primaryImageOfPage":{"@id":"https:\/\/faya.unse.edu.ar\/index.php\/diplo-farmacia\/#primaryimage"},"datePublished":"2026-03-17T16:49:15+00:00","dateModified":"2026-04-09T13:57:02+00:00","breadcrumb":{"@id":"https:\/\/faya.unse.edu.ar\/index.php\/diplo-farmacia\/#breadcrumb"},"inLanguage":"es-AR","potentialAction":[{"@type":"ReadAction","target":["https:\/\/faya.unse.edu.ar\/index.php\/diplo-farmacia\/"]}]},{"@type":"BreadcrumbList","@id":"https:\/\/faya.unse.edu.ar\/index.php\/diplo-farmacia\/#breadcrumb","itemListElement":[{"@type":"ListItem","position":1,"name":"Home","item":"https:\/\/faya.unse.edu.ar\/"},{"@type":"ListItem","position":2,"name":"DIPLOMATURA EN GESTI\u00d3N DE FARMACIA"}]}]}},"_links":{"self":[{"href":"https:\/\/faya.unse.edu.ar\/index.php\/wp-json\/wp\/v2\/pages\/35894"}],"collection":[{"href":"https:\/\/faya.unse.edu.ar\/index.php\/wp-json\/wp\/v2\/pages"}],"about":[{"href":"https:\/\/faya.unse.edu.ar\/index.php\/wp-json\/wp\/v2\/types\/page"}],"author":[{"embeddable":true,"href":"https:\/\/faya.unse.edu.ar\/index.php\/wp-json\/wp\/v2\/users\/5"}],"replies":[{"embeddable":true,"href":"https:\/\/faya.unse.edu.ar\/index.php\/wp-json\/wp\/v2\/comments?post=35894"}],"version-history":[{"count":18,"href":"https:\/\/faya.unse.edu.ar\/index.php\/wp-json\/wp\/v2\/pages\/35894\/revisions"}],"predecessor-version":[{"id":36147,"href":"https:\/\/faya.unse.edu.ar\/index.php\/wp-json\/wp\/v2\/pages\/35894\/revisions\/36147"}],"wp:featuredmedia":[{"embeddable":true,"href":"https:\/\/faya.unse.edu.ar\/index.php\/wp-json\/wp\/v2\/media\/35932"}],"wp:attachment":[{"href":"https:\/\/faya.unse.edu.ar\/index.php\/wp-json\/wp\/v2\/media?parent=35894"}],"curies":[{"name":"wp","href":"https:\/\/api.w.org\/{rel}","templated":true}]}}